Last updated on 2025-04-30 04:50:07 CEST.
Flavor | Version | Tinstall | Tcheck | Ttotal | Status | Flags |
---|---|---|---|---|---|---|
r-devel-linux-x86_64-debian-clang | 0.9.0 | 8.34 | 290.74 | 299.08 | NOTE | |
r-devel-linux-x86_64-debian-gcc | 0.9.0 | 4.65 | 198.09 | 202.74 | OK | |
r-devel-linux-x86_64-fedora-clang | 0.9.0 | 493.09 | OK | |||
r-devel-linux-x86_64-fedora-gcc | 0.9.0 | 486.00 | OK | |||
r-devel-windows-x86_64 | 0.9.0 | 9.00 | 256.00 | 265.00 | OK | |
r-patched-linux-x86_64 | 0.9.0 | 8.30 | 275.64 | 283.94 | OK | |
r-release-linux-x86_64 | 0.9.0 | 7.67 | 274.73 | 282.40 | OK | |
r-release-macos-arm64 | 0.9.0 | 110.00 | OK | |||
r-release-macos-x86_64 | 0.9.0 | 216.00 | OK | |||
r-release-windows-x86_64 | 0.9.0 | 9.00 | 245.00 | 254.00 | OK | |
r-oldrel-macos-arm64 | 0.9.0 | 219.00 | OK | |||
r-oldrel-macos-x86_64 | 0.9.0 | 279.00 | OK | |||
r-oldrel-windows-x86_64 | 0.9.0 | 12.00 | 332.00 | 344.00 | OK |
Version: 0.9.0
Check: examples
Result: NOTE
Examples with CPU (user + system) or elapsed time > 5s
user system elapsed
ggcoef_model 4.492 0.03 5.557
Flavor: r-devel-linux-x86_64-debian-clang