CRAN Package Check Results for Package ggsurvey

Last updated on 2025-04-30 04:50:07 CEST.

Flavor Version Tinstall Tcheck Ttotal Status Flags
r-devel-linux-x86_64-debian-clang 1.0.0 11.52 109.55 121.07 NOTE
r-devel-linux-x86_64-debian-gcc 1.0.0 7.70 75.42 83.12 NOTE
r-devel-linux-x86_64-fedora-clang 1.0.0 177.35 OK
r-devel-linux-x86_64-fedora-gcc 1.0.0 168.24 OK
r-devel-windows-x86_64 1.0.0 12.00 122.00 134.00 OK
r-patched-linux-x86_64 1.0.0 10.63 99.54 110.17 OK
r-release-linux-x86_64 1.0.0 10.55 100.26 110.81 OK
r-release-macos-arm64 1.0.0 60.00 OK
r-release-macos-x86_64 1.0.0 90.00 OK
r-release-windows-x86_64 1.0.0 13.00 117.00 130.00 OK
r-oldrel-macos-arm64 1.0.0 48.00 OK
r-oldrel-macos-x86_64 1.0.0 73.00 OK
r-oldrel-windows-x86_64 1.0.0 16.00 140.00 156.00 OK

Check Details

Version: 1.0.0
Check: CRAN incoming feasibility
Result: NOTE Maintainer: ‘Brittany Alexander <balexanderstatistics@gmail.com>’ No Authors@R field in DESCRIPTION. Please add one, modifying Authors@R: person(given = "Brittany", family = "Alexander", role = c("aut", "cre"), email = "balexanderstatistics@gmail.com") as necessary. Flavors: r-devel-linux-x86_64-debian-clang, r-devel-linux-x86_64-debian-gcc