Last updated on 2025-04-30 04:50:07 CEST.
Flavor | Version | Tinstall | Tcheck | Ttotal | Status | Flags |
---|---|---|---|---|---|---|
r-devel-linux-x86_64-debian-clang | 1.1.0 | 11.90 | 259.36 | 271.26 | NOTE | |
r-devel-linux-x86_64-debian-gcc | 1.1.0 | 7.43 | 174.94 | 182.37 | OK | |
r-devel-linux-x86_64-fedora-clang | 1.1.0 | 425.99 | OK | |||
r-devel-linux-x86_64-fedora-gcc | 1.1.0 | 404.17 | OK | |||
r-devel-windows-x86_64 | 1.1.0 | 14.00 | 230.00 | 244.00 | OK | |
r-patched-linux-x86_64 | 1.1.0 | 12.49 | 247.79 | 260.28 | OK | |
r-release-linux-x86_64 | 1.1.0 | 11.77 | 244.12 | 255.89 | OK | |
r-release-macos-arm64 | 1.1.0 | 114.00 | OK | |||
r-release-macos-x86_64 | 1.1.0 | 245.00 | OK | |||
r-release-windows-x86_64 | 1.1.0 | 15.00 | 226.00 | 241.00 | OK | |
r-oldrel-macos-arm64 | 1.1.0 | 113.00 | OK | |||
r-oldrel-macos-x86_64 | 1.1.0 | 168.00 | OK | |||
r-oldrel-windows-x86_64 | 1.1.0 | 15.00 | 306.00 | 321.00 | OK |
Version: 1.1.0
Check: examples
Result: NOTE
Examples with CPU (user + system) or elapsed time > 5s
user system elapsed
add_risktable 5.569 0.058 6.855
Flavor: r-devel-linux-x86_64-debian-clang