CRAN Package Check Results for Package ggtern

Last updated on 2025-04-30 04:50:07 CEST.

Flavor Version Tinstall Tcheck Ttotal Status Flags
r-devel-linux-x86_64-debian-clang 3.5.0 15.90 138.35 154.25 NOTE
r-devel-linux-x86_64-debian-gcc 3.5.0 9.18 91.25 100.43 NOTE
r-devel-linux-x86_64-fedora-clang 3.5.0 230.44 OK
r-devel-linux-x86_64-fedora-gcc 3.5.0 214.64 OK
r-devel-windows-x86_64 3.5.0 16.00 170.00 186.00 NOTE
r-patched-linux-x86_64 3.5.0 14.75 127.53 142.28 NOTE
r-release-linux-x86_64 3.5.0 15.62 127.08 142.70 NOTE
r-release-macos-arm64 3.5.0 66.00 OK
r-release-macos-x86_64 3.5.0 121.00 OK
r-release-windows-x86_64 3.5.0 17.00 168.00 185.00 NOTE
r-oldrel-macos-arm64 3.5.0 58.00 OK
r-oldrel-macos-x86_64 3.5.0 92.00 OK
r-oldrel-windows-x86_64 3.5.0 20.00 184.00 204.00 OK

Check Details

Version: 3.5.0
Check: Rd cross-references
Result: NOTE Found the following Rd file(s) with Rd \link{} targets missing package anchors: annotation_raster_tern.Rd: geom_raster approved_layers.Rd: geom_point, geom_path, geom_line, geom_label, geom_text, geom_jitter, geom_polygon, geom_segment, geom_count, geom_curve, geom_blank, geom_rect, stat_identity, stat_sum, stat_unique, position_identity coord_tern.Rd: geom_segment geom_Xline.Rd: geom_hline, geom_vline geom_confidence_tern.Rd: ilr, stat_contour geom_hex_tern.Rd: aes_position, aes_colour_fill_alpha, aes_group_order, aes_linetype_size_shape geom_mean_ellipse.Rd: compositions, stat_contour geom_tri_tern.Rd: aes_position, aes_colour_fill_alpha, aes_group_order, aes_linetype_size_shape ggplot_build.Rd: benchplot ggplot_gtable.Rd: gtable ggtern_labels.Rd: xlab, ylab, latex2exp ggtern_package.Rd: proto kde2d.weighted.Rd: kde2d theme_elements.Rd: element_rect theme_latex.Rd: latex2exp, TeX theme_showgrid.Rd: element_line, element_blank Please provide package anchors for all Rd \link{} targets not in the package itself and the base packages. Flavors: r-devel-linux-x86_64-debian-clang, r-devel-linux-x86_64-debian-gcc, r-devel-windows-x86_64, r-patched-linux-x86_64, r-release-linux-x86_64, r-release-windows-x86_64

Version: 3.5.0
Check: examples
Result: NOTE Examples with CPU (user + system) or elapsed time > 5s user system elapsed geom_hex_tern 5.086 0.004 6.348 theme_convenience_functions 4.969 0.000 5.430 Flavor: r-devel-linux-x86_64-debian-clang