Last updated on 2025-04-30 04:50:07 CEST.
Flavor | Version | Tinstall | Tcheck | Ttotal | Status | Flags |
---|---|---|---|---|---|---|
r-devel-linux-x86_64-debian-clang | 0.1.2 | 6.09 | 80.20 | 86.29 | NOTE | |
r-devel-linux-x86_64-debian-gcc | 0.1.2 | 4.47 | 56.97 | 61.44 | NOTE | |
r-devel-linux-x86_64-fedora-clang | 0.1.2 | 121.98 | OK | |||
r-devel-linux-x86_64-fedora-gcc | 0.1.2 | 129.21 | OK | |||
r-devel-windows-x86_64 | 0.1.2 | 8.00 | 109.00 | 117.00 | OK | |
r-patched-linux-x86_64 | 0.1.2 | 5.96 | 72.77 | 78.73 | OK | |
r-release-linux-x86_64 | 0.1.2 | 6.07 | 73.44 | 79.51 | OK | |
r-release-macos-arm64 | 0.1.2 | 56.00 | OK | |||
r-release-macos-x86_64 | 0.1.2 | 80.00 | OK | |||
r-release-windows-x86_64 | 0.1.2 | 8.00 | 109.00 | 117.00 | OK | |
r-oldrel-macos-arm64 | 0.1.2 | 41.00 | OK | |||
r-oldrel-macos-x86_64 | 0.1.2 | 69.00 | OK | |||
r-oldrel-windows-x86_64 | 0.1.2 | 9.00 | 115.00 | 124.00 | OK |
Version: 0.1.2
Check: DESCRIPTION meta-information
Result: NOTE
Author field differs from that derived from Authors@R
Author: ‘Claus O. Wilke [aut] (<https://orcid.org/0000-0002-7470-9261>), Brenton M. Wiernik [aut, cre] (<https://orcid.org/0000-0001-9560-6336>, @bmwiernik)’
Authors@R: ‘Claus O. Wilke [aut] (ORCID: <https://orcid.org/0000-0002-7470-9261>), Brenton M. Wiernik [aut, cre] (ORCID: <https://orcid.org/0000-0001-9560-6336>, Twitter: @bmwiernik)’
Flavors: r-devel-linux-x86_64-debian-clang, r-devel-linux-x86_64-debian-gcc