Last updated on 2025-04-30 04:50:07 CEST.
Flavor | Version | Tinstall | Tcheck | Ttotal | Status | Flags |
---|---|---|---|---|---|---|
r-devel-linux-x86_64-debian-clang | 3.0.1 | 10.96 | 167.70 | 178.66 | NOTE | |
r-devel-linux-x86_64-debian-gcc | 3.0.1 | 8.76 | 122.59 | 131.35 | NOTE | |
r-devel-linux-x86_64-fedora-clang | 3.0.1 | 295.17 | OK | |||
r-devel-linux-x86_64-fedora-gcc | 3.0.1 | 327.81 | OK | |||
r-devel-windows-x86_64 | 3.0.1 | 14.00 | 258.00 | 272.00 | OK | |
r-patched-linux-x86_64 | 3.0.1 | 12.11 | 140.56 | 152.67 | OK | |
r-release-linux-x86_64 | 3.0.1 | 11.26 | 165.84 | 177.10 | OK | |
r-release-macos-arm64 | 3.0.1 | 127.00 | OK | |||
r-release-macos-x86_64 | 3.0.1 | 225.00 | OK | |||
r-release-windows-x86_64 | 3.0.1 | 14.00 | 253.00 | 267.00 | OK | |
r-oldrel-macos-arm64 | 3.0.1 | 121.00 | OK | |||
r-oldrel-macos-x86_64 | 3.0.1 | 175.00 | OK | |||
r-oldrel-windows-x86_64 | 3.0.1 | 14.00 | 280.00 | 294.00 | OK |
Version: 3.0.1
Check: examples
Result: NOTE
Examples with CPU (user + system) or elapsed time > 5s
user system elapsed
ghcm_test 8.37 0.445 11.725
Flavor: r-devel-linux-x86_64-debian-clang
Version: 3.0.1
Check: examples
Result: NOTE
Examples with CPU (user + system) or elapsed time > 5s
user system elapsed
ghcm_test 6.211 0.237 7.367
Flavor: r-devel-linux-x86_64-debian-gcc