Last updated on 2025-04-30 04:50:07 CEST.
Flavor | Version | Tinstall | Tcheck | Ttotal | Status | Flags |
---|---|---|---|---|---|---|
r-devel-linux-x86_64-debian-clang | 1.1.0 | 30.21 | 214.98 | 245.19 | NOTE | |
r-devel-linux-x86_64-debian-gcc | 1.1.0 | 16.82 | 150.65 | 167.47 | NOTE | |
r-devel-linux-x86_64-fedora-clang | 1.1.0 | 394.73 | NOTE | |||
r-devel-linux-x86_64-fedora-gcc | 1.1.0 | 398.17 | NOTE | |||
r-devel-windows-x86_64 | 1.1.0 | 28.00 | 256.00 | 284.00 | OK | |
r-patched-linux-x86_64 | 1.1.0 | 29.06 | 197.67 | 226.73 | OK | |
r-release-linux-x86_64 | 1.1.0 | 29.91 | 201.31 | 231.22 | OK | |
r-release-macos-arm64 | 1.1.0 | 178.00 | OK | |||
r-release-macos-x86_64 | 1.1.0 | 215.00 | OK | |||
r-release-windows-x86_64 | 1.1.0 | 28.00 | 324.00 | 352.00 | OK | |
r-oldrel-macos-arm64 | 1.1.0 | 100.00 | OK | |||
r-oldrel-macos-x86_64 | 1.1.0 | 167.00 | OK | |||
r-oldrel-windows-x86_64 | 1.1.0 | 36.00 | 274.00 | 310.00 | OK |
Version: 1.1.0
Check: CRAN incoming feasibility
Result: NOTE
Maintainer: ‘Giona Casiraghi <giona@ethz.ch>’
The Description field contains
Schweitzer, F. (2016) <arXiv:1607.02441>. Casiraghi, G., Nanumyan, V.,
Casiraghi, G., (2017) <arXiv:1702.02048> Brandenberger, L., Casiraghi,
Please refer to arXiv e-prints via their arXiv DOI <doi:10.48550/arXiv.YYMM.NNNNN>.
Flavors: r-devel-linux-x86_64-debian-clang, r-devel-linux-x86_64-debian-gcc
Version: 1.1.0
Check: examples
Result: NOTE
Examples with CPU (user + system) or elapsed time > 5s
user system elapsed
RMSE 3.641 0.089 5.805
predict.nrm 3.498 0.085 5.330
Flavor: r-devel-linux-x86_64-debian-clang
Version: 1.1.0
Check: dependencies in R code
Result: NOTE
Namespace in Imports field not imported from: ‘methods’
All declared Imports should be used.
Flavors: r-devel-linux-x86_64-fedora-clang, r-devel-linux-x86_64-fedora-gcc