CRAN Package Check Results for Package giacR

Last updated on 2025-04-30 04:50:07 CEST.

Flavor Version Tinstall Tcheck Ttotal Status Flags
r-devel-linux-x86_64-debian-clang 1.0.1 3.70 28.69 32.39 OK
r-devel-linux-x86_64-debian-gcc 1.0.1 3.06 22.75 25.81 OK
r-devel-linux-x86_64-fedora-clang 1.0.1 52.34 OK
r-devel-linux-x86_64-fedora-gcc 1.0.1 49.23 OK
r-devel-windows-x86_64 1.0.1 9.00 58.00 67.00 OK
r-patched-linux-x86_64 1.0.1 3.93 26.94 30.87 OK
r-release-linux-x86_64 1.0.1 3.72 26.81 30.53 OK
r-release-macos-arm64 1.0.1 40.00 OK
r-release-macos-x86_64 1.0.1 73.00 OK
r-release-windows-x86_64 1.0.1 9.00 51.00 60.00 OK
r-oldrel-macos-arm64 1.0.1 36.00 NOTE
r-oldrel-macos-x86_64 1.0.1 47.00 NOTE
r-oldrel-windows-x86_64 1.0.1 10.00 52.00 62.00 NOTE

Check Details

Version: 1.0.1
Check: installed package size
Result: NOTE installed size is 18.0Mb sub-directories of 1Mb or more: Giac 17.9Mb Flavors: r-oldrel-macos-arm64, r-oldrel-macos-x86_64, r-oldrel-windows-x86_64