CRAN Package Check Results for Package gif

Last updated on 2025-04-30 04:50:07 CEST.

Flavor Version Tinstall Tcheck Ttotal Status Flags
r-devel-linux-x86_64-debian-clang 0.1.1 24.12 62.68 86.80 NOTE
r-devel-linux-x86_64-debian-gcc 0.1.1 19.19 49.14 68.33 NOTE
r-devel-linux-x86_64-fedora-clang 0.1.1 144.51 OK
r-devel-linux-x86_64-fedora-gcc 0.1.1 160.39 OK
r-devel-windows-x86_64 0.1.1 30.00 113.00 143.00 OK
r-patched-linux-x86_64 0.1.1 27.02 60.47 87.49 OK
r-release-linux-x86_64 0.1.1 27.33 60.50 87.83 OK
r-release-macos-arm64 0.1.1 59.00 OK
r-release-macos-x86_64 0.1.1 85.00 OK
r-release-windows-x86_64 0.1.1 30.00 94.00 124.00 OK
r-oldrel-macos-arm64 0.1.1 48.00 NOTE
r-oldrel-macos-x86_64 0.1.1 69.00 NOTE
r-oldrel-windows-x86_64 0.1.1 34.00 113.00 147.00 OK

Check Details

Version: 0.1.1
Check: CRAN incoming feasibility
Result: NOTE Maintainer: ‘Shiyun Lin <linshy27@mail2.sysu.edu.cn>’ The Description field contains <arXiv:1407.7819>. Secondly, a closed form solution for graphical lasso Please refer to arXiv e-prints via their arXiv DOI <doi:10.48550/arXiv.YYMM.NNNNN>. Flavors: r-devel-linux-x86_64-debian-clang, r-devel-linux-x86_64-debian-gcc

Version: 0.1.1
Check: installed package size
Result: NOTE installed size is 6.2Mb sub-directories of 1Mb or more: doc 1.1Mb libs 4.9Mb Flavors: r-oldrel-macos-arm64, r-oldrel-macos-x86_64