CRAN Package Check Results for Package gim

Last updated on 2025-04-30 04:50:07 CEST.

Flavor Version Tinstall Tcheck Ttotal Status Flags
r-devel-linux-x86_64-debian-clang 0.33.1 6.28 52.62 58.90 NOTE
r-devel-linux-x86_64-debian-gcc 0.33.1 4.51 40.42 44.93 NOTE
r-devel-linux-x86_64-fedora-clang 0.33.1 93.50 OK
r-devel-linux-x86_64-fedora-gcc 0.33.1 105.27 OK
r-devel-windows-x86_64 0.33.1 6.00 79.00 85.00 OK
r-patched-linux-x86_64 0.33.1 7.03 51.84 58.87 OK
r-release-linux-x86_64 0.33.1 6.38 51.06 57.44 OK
r-release-macos-arm64 0.33.1 38.00 OK
r-release-macos-x86_64 0.33.1 77.00 OK
r-release-windows-x86_64 0.33.1 7.00 68.00 75.00 OK
r-oldrel-macos-arm64 0.33.1 35.00 OK
r-oldrel-macos-x86_64 0.33.1 68.00 OK
r-oldrel-windows-x86_64 0.33.1 6.00 80.00 86.00 OK

Check Details

Version: 0.33.1
Check: CRAN incoming feasibility
Result: NOTE Maintainer: ‘Han Zhang <zhangh.ustc@gmail.com>’ No Authors@R field in DESCRIPTION. Please add one, modifying Authors@R: c(person(given = "Han", family = "Zhang", role = c("aut", "cre"), email = "zhangh.ustc@gmail.com"), person(given = "Kai", family = "Yu", role = "aut")) as necessary. Flavors: r-devel-linux-x86_64-debian-clang, r-devel-linux-x86_64-debian-gcc