Last updated on 2025-04-30 04:50:07 CEST.
Flavor | Version | Tinstall | Tcheck | Ttotal | Status | Flags |
---|---|---|---|---|---|---|
r-devel-linux-x86_64-debian-clang | 1.0.3 | 8.99 | 89.82 | 98.81 | NOTE | |
r-devel-linux-x86_64-debian-gcc | 1.0.3 | 6.10 | 63.24 | 69.34 | NOTE | |
r-devel-linux-x86_64-fedora-clang | 1.0.3 | 145.55 | OK | |||
r-devel-linux-x86_64-fedora-gcc | 1.0.3 | 152.08 | OK | |||
r-devel-windows-x86_64 | 1.0.3 | 10.00 | 110.00 | 120.00 | OK | |
r-patched-linux-x86_64 | 1.0.3 | 8.89 | 82.49 | 91.38 | OK | |
r-release-linux-x86_64 | 1.0.3 | 8.23 | 82.77 | 91.00 | OK | |
r-release-macos-arm64 | 1.0.3 | 60.00 | OK | |||
r-release-macos-x86_64 | 1.0.3 | 114.00 | OK | |||
r-release-windows-x86_64 | 1.0.3 | 11.00 | 110.00 | 121.00 | OK | |
r-oldrel-macos-arm64 | 1.0.3 | 64.00 | OK | |||
r-oldrel-macos-x86_64 | 1.0.3 | 103.00 | OK | |||
r-oldrel-windows-x86_64 | 1.0.3 | 13.00 | 129.00 | 142.00 | OK |
Version: 1.0.3
Check: examples
Result: NOTE
Examples with CPU (user + system) or elapsed time > 5s
user system elapsed
run_qc 6.276 0.296 8.829
Flavor: r-devel-linux-x86_64-debian-clang
Version: 1.0.3
Check: examples
Result: NOTE
Examples with CPU (user + system) or elapsed time > 5s
user system elapsed
run_qc 4.054 0.121 6.198
Flavor: r-devel-linux-x86_64-debian-gcc