Last updated on 2025-04-30 04:50:07 CEST.
Flavor | Version | Tinstall | Tcheck | Ttotal | Status | Flags |
---|---|---|---|---|---|---|
r-devel-linux-x86_64-debian-clang | 0.7-18 | 19.97 | 133.26 | 153.23 | NOTE | |
r-devel-linux-x86_64-debian-gcc | 0.7-18 | 13.73 | 93.34 | 107.07 | NOTE | |
r-devel-linux-x86_64-fedora-clang | 0.8 | 262.69 | OK | |||
r-devel-linux-x86_64-fedora-gcc | 0.8 | 247.24 | OK | |||
r-devel-windows-x86_64 | 0.7-18 | 20.00 | 148.00 | 168.00 | OK | |
r-patched-linux-x86_64 | 0.7-18 | 18.39 | 118.98 | 137.37 | OK | |
r-release-linux-x86_64 | 0.7-18 | 19.26 | 125.43 | 144.69 | OK | |
r-release-macos-arm64 | 0.8 | 57.00 | OK | |||
r-release-macos-x86_64 | 0.8 | 108.00 | OK | |||
r-release-windows-x86_64 | 0.8 | 21.00 | 135.00 | 156.00 | OK | |
r-oldrel-macos-arm64 | 0.8 | 73.00 | OK | |||
r-oldrel-macos-x86_64 | 0.8 | 106.00 | OK | |||
r-oldrel-windows-x86_64 | 0.7-18 | 27.00 | 165.00 | 192.00 | OK |
Version: 0.7-18
Check: CRAN incoming feasibility
Result: NOTE
Maintainer: ‘Kathleen M Gates <gateskm@email.unc.edu>’
No Authors@R field in DESCRIPTION.
Please add one, modifying
Authors@R: c(person(given = "Stephanie",
family = "Lane",
role = c("aut", "trl")),
person(given = "Kathleen",
family = "Gates",
role = c("aut", "cre", "ccp")),
person(given = "Zachary",
family = "Fisher",
role = "aut"),
person(given = "Cara",
family = "Arizmendi",
role = "aut"),
person(given = "Peter",
family = "Molenaar",
role = c("aut", "ccp")),
person(given = "Edgar",
family = "Merkle",
role = "ctb"),
person(given = "Michael",
family = "Hallquist",
role = "ctb"),
person(given = "Hallie",
family = "Pike",
role = "ctb"),
person(given = "Teague",
family = "Henry",
role = "ctb"),
person(given = "Kelly",
family = "Duffy",
role = "ctb"),
person(given = "Lan",
family = "Luo",
role = "ctb"),
person(given = "Adriene",
family = "Beltz",
role = "csp"),
person(given = "Aidan",
family = "Wright",
role = "csp"),
person(given = "Jonathan",
family = "Park",
role = "ctb"),
person(given = c("Sebastian", "Castro"),
family = "Alvarez",
role = "ctb"),
person(given = c("Kathleen", "M"),
family = "Gates",
role = "cre",
email = "gateskm@email.unc.edu"))
as necessary.
Flavors: r-devel-linux-x86_64-debian-clang, r-devel-linux-x86_64-debian-gcc