Last updated on 2025-04-30 04:50:07 CEST.
Flavor | Version | Tinstall | Tcheck | Ttotal | Status | Flags |
---|---|---|---|---|---|---|
r-devel-linux-x86_64-debian-clang | 0.36.2 | 14.70 | 64.95 | 79.65 | OK | |
r-devel-linux-x86_64-debian-gcc | 0.36.2 | 11.86 | 46.53 | 58.39 | OK | |
r-devel-linux-x86_64-fedora-clang | 0.36.2 | 118.30 | OK | |||
r-devel-linux-x86_64-fedora-gcc | 0.36.2 | 120.25 | OK | |||
r-devel-windows-x86_64 | 0.36.2 | 41.00 | 150.00 | 191.00 | OK | |
r-patched-linux-x86_64 | 0.36.2 | 15.71 | 61.03 | 76.74 | OK | |
r-release-linux-x86_64 | 0.36.2 | 14.09 | 62.15 | 76.24 | OK | |
r-release-macos-arm64 | 0.36.2 | 60.00 | OK | |||
r-release-macos-x86_64 | 0.36.2 | 85.00 | OK | |||
r-release-windows-x86_64 | 0.36.2 | 42.00 | 145.00 | 187.00 | OK | |
r-oldrel-macos-arm64 | 0.36.2 | 70.00 | NOTE | |||
r-oldrel-macos-x86_64 | 0.36.2 | 104.00 | NOTE | |||
r-oldrel-windows-x86_64 | 0.36.2 | 43.00 | 140.00 | 183.00 | OK |
Version: 0.36.2
Check: installed package size
Result: NOTE
installed size is 7.2Mb
sub-directories of 1Mb or more:
libs 6.8Mb
Flavors: r-oldrel-macos-arm64, r-oldrel-macos-x86_64