Last updated on 2025-04-30 04:50:07 CEST.
Flavor | Version | Tinstall | Tcheck | Ttotal | Status | Flags |
---|---|---|---|---|---|---|
r-devel-linux-x86_64-debian-clang | 0.6.0 | 3.14 | 89.97 | 93.11 | NOTE | |
r-devel-linux-x86_64-debian-gcc | 0.6.0 | 1.92 | 51.64 | 53.56 | OK | |
r-devel-linux-x86_64-fedora-clang | 0.6.0 | 147.11 | OK | |||
r-devel-linux-x86_64-fedora-gcc | 0.6.0 | 142.05 | OK | |||
r-devel-windows-x86_64 | 0.6.0 | 5.00 | 106.00 | 111.00 | OK | |
r-patched-linux-x86_64 | 0.6.0 | 3.12 | 79.75 | 82.87 | OK | |
r-release-linux-x86_64 | 0.6.0 | 2.86 | 82.40 | 85.26 | OK | |
r-release-macos-arm64 | 0.6.0 | 39.00 | OK | |||
r-release-macos-x86_64 | 0.6.0 | 70.00 | OK | |||
r-release-windows-x86_64 | 0.6.0 | 5.00 | 94.00 | 99.00 | OK | |
r-oldrel-macos-arm64 | 0.6.0 | 35.00 | OK | |||
r-oldrel-macos-x86_64 | 0.6.0 | 55.00 | OK | |||
r-oldrel-windows-x86_64 | 0.6.0 | 6.00 | 109.00 | 115.00 | OK |
Version: 0.6.0
Check: examples
Result: NOTE
Examples with CPU (user + system) or elapsed time > 5s
user system elapsed
fdsa 4.421 0.027 5.163
Flavor: r-devel-linux-x86_64-debian-clang