Last updated on 2025-04-30 04:50:07 CEST.
Flavor | Version | Tinstall | Tcheck | Ttotal | Status | Flags |
---|---|---|---|---|---|---|
r-devel-linux-x86_64-debian-clang | 1.0.3 | 78.71 | 118.05 | 196.76 | OK | |
r-devel-linux-x86_64-debian-gcc | 1.0.3 | 57.99 | 81.18 | 139.17 | OK | |
r-devel-linux-x86_64-fedora-clang | 1.0.3 | 347.64 | OK | |||
r-devel-linux-x86_64-fedora-gcc | 1.0.3 | 326.52 | OK | |||
r-devel-windows-x86_64 | 1.0.3 | 86.00 | 191.00 | 277.00 | OK | |
r-patched-linux-x86_64 | 1.0.3 | 81.11 | 107.72 | 188.83 | OK | |
r-release-linux-x86_64 | 1.0.3 | 72.19 | 108.58 | 180.77 | OK | |
r-release-macos-arm64 | 1.0.3 | 56.00 | OK | |||
r-release-macos-x86_64 | 1.0.3 | 93.00 | OK | |||
r-release-windows-x86_64 | 1.0.3 | 86.00 | 190.00 | 276.00 | OK | |
r-oldrel-macos-arm64 | 1.0.3 | 70.00 | NOTE | |||
r-oldrel-macos-x86_64 | 1.0.3 | 104.00 | NOTE | |||
r-oldrel-windows-x86_64 | 1.0.3 | 102.00 | 216.00 | 318.00 | OK |
Version: 1.0.3
Check: installed package size
Result: NOTE
installed size is 10.5Mb
sub-directories of 1Mb or more:
libs 9.2Mb
Flavors: r-oldrel-macos-arm64, r-oldrel-macos-x86_64