Last updated on 2025-04-30 04:50:07 CEST.
Flavor | Version | Tinstall | Tcheck | Ttotal | Status | Flags |
---|---|---|---|---|---|---|
r-devel-linux-x86_64-debian-clang | 1.7-1 | 5.22 | 115.24 | 120.46 | NOTE | |
r-devel-linux-x86_64-debian-gcc | 1.7-1 | 3.64 | 76.61 | 80.25 | OK | |
r-devel-linux-x86_64-fedora-clang | 1.7-1 | 194.71 | OK | |||
r-devel-linux-x86_64-fedora-gcc | 1.7-1 | 201.52 | OK | |||
r-devel-windows-x86_64 | 1.7-1 | 6.00 | 165.00 | 171.00 | OK | |
r-patched-linux-x86_64 | 1.7-1 | 5.50 | 103.64 | 109.14 | OK | |
r-release-linux-x86_64 | 1.7-1 | 5.59 | 107.00 | 112.59 | OK | |
r-release-macos-arm64 | 1.7-1 | 57.00 | OK | |||
r-release-macos-x86_64 | 1.7-1 | 114.00 | OK | |||
r-release-windows-x86_64 | 1.7-1 | 6.00 | 166.00 | 172.00 | OK | |
r-oldrel-macos-arm64 | 1.7-1 | 92.00 | OK | |||
r-oldrel-macos-x86_64 | 1.7-1 | 167.00 | OK | |||
r-oldrel-windows-x86_64 | 1.7-1 | 7.00 | 170.00 | 177.00 | OK |
Version: 1.7-1
Check: examples
Result: NOTE
Examples with CPU (user + system) or elapsed time > 5s
user system elapsed
extractGlarmaSimModel 4.982 0.016 5.689
likTests 4.978 0.001 6.104
glarmaSim 4.313 0.047 5.641
Flavor: r-devel-linux-x86_64-debian-clang