Last updated on 2025-04-30 04:50:07 CEST.
Flavor | Version | Tinstall | Tcheck | Ttotal | Status | Flags |
---|---|---|---|---|---|---|
r-devel-linux-x86_64-debian-clang | 1.6.5 | 23.19 | 73.12 | 96.31 | NOTE | |
r-devel-linux-x86_64-debian-gcc | 1.6.5 | 16.80 | 50.22 | 67.02 | NOTE | |
r-devel-linux-x86_64-fedora-clang | 1.6.5 | 158.43 | OK | |||
r-devel-linux-x86_64-fedora-gcc | 1.6.5 | 152.67 | OK | |||
r-devel-windows-x86_64 | 1.6.5 | 28.00 | 107.00 | 135.00 | OK | |
r-patched-linux-x86_64 | 1.6.5 | 23.00 | 65.43 | 88.43 | OK | |
r-release-linux-x86_64 | 1.6.5 | 23.23 | 68.81 | 92.04 | OK | |
r-release-macos-arm64 | 1.6.5 | 47.00 | OK | |||
r-release-macos-x86_64 | 1.6.5 | 80.00 | OK | |||
r-release-windows-x86_64 | 1.6.5 | 27.00 | 98.00 | 125.00 | OK | |
r-oldrel-macos-arm64 | 1.6.5 | 41.00 | OK | |||
r-oldrel-macos-x86_64 | 1.6.5 | 60.00 | OK | |||
r-oldrel-windows-x86_64 | 1.6.5 | 31.00 | 125.00 | 156.00 | OK |
Version: 1.6.5
Check: examples
Result: NOTE
Examples with CPU (user + system) or elapsed time > 5s
user system elapsed
test_raster 8.781 0.147 10.242
Flavor: r-devel-linux-x86_64-debian-clang
Version: 1.6.5
Check: examples
Result: NOTE
Examples with CPU (user + system) or elapsed time > 5s
user system elapsed
test_raster 6.103 0.362 7.756
Flavor: r-devel-linux-x86_64-debian-gcc