CRAN Package Check Results for Package glmc

Last updated on 2025-04-30 04:50:07 CEST.

Flavor Version Tinstall Tcheck Ttotal Status Flags
r-devel-linux-x86_64-debian-clang 0.3-1 7.59 66.64 74.23 NOTE
r-devel-linux-x86_64-debian-gcc 0.3-1 5.57 51.43 57.00 NOTE
r-devel-linux-x86_64-fedora-clang 0.3-1 113.89 NOTE
r-devel-linux-x86_64-fedora-gcc 0.3-1 108.58 NOTE
r-devel-windows-x86_64 0.3-1 10.00 88.00 98.00 NOTE
r-patched-linux-x86_64 0.3-1 7.00 65.21 72.21 NOTE
r-release-linux-x86_64 0.3-1 7.54 63.69 71.23 NOTE
r-release-macos-arm64 0.3-1 40.00 NOTE
r-release-macos-x86_64 0.3-1 82.00 NOTE
r-release-windows-x86_64 0.3-1 8.00 84.00 92.00 NOTE
r-oldrel-macos-arm64 0.3-1 36.00 NOTE
r-oldrel-macos-x86_64 0.3-1 61.00 NOTE
r-oldrel-windows-x86_64 0.3-1 10.00 92.00 102.00 NOTE

Check Details

Version: 0.3-1
Check: CRAN incoming feasibility
Result: NOTE Maintainer: ‘Sanjay Chaudhuri <sanjay@stat.nus.edu.sg>’ Package CITATION file contains call(s) to old-style personList() or as.personList(). Please use c() on person objects instead. Package CITATION file contains call(s) to old-style citEntry(). Please use bibentry() instead. Flavors: r-devel-linux-x86_64-debian-clang, r-devel-linux-x86_64-debian-gcc

Version: 0.3-1
Check: Rd files
Result: NOTE checkRd: (-1) glmc.Rd:232: Escaped LaTeX specials: \& checkRd: (-1) glmc.Rd:241: Escaped LaTeX specials: \& checkRd: (-1) glmc.control.Rd:29: Escaped LaTeX specials: \$ checkRd: (-1) glmc.control.Rd:31: Escaped LaTeX specials: \$ checkRd: (-1) glmc.summaries.Rd:79: Escaped LaTeX specials: \& Flavors: r-devel-linux-x86_64-debian-clang, r-devel-linux-x86_64-debian-gcc, r-devel-linux-x86_64-fedora-clang, r-devel-linux-x86_64-fedora-gcc, r-devel-windows-x86_64, r-patched-linux-x86_64, r-release-linux-x86_64, r-release-macos-arm64, r-release-macos-x86_64, r-release-windows-x86_64, r-oldrel-macos-arm64, r-oldrel-macos-x86_64, r-oldrel-windows-x86_64