Last updated on 2025-11-03 03:49:42 CET.
| Flavor | Version | Tinstall | Tcheck | Ttotal | Status | Flags |
|---|---|---|---|---|---|---|
| r-devel-linux-x86_64-debian-clang | 0.1.0 | 5.60 | 40.21 | 45.81 | OK | |
| r-devel-linux-x86_64-debian-gcc | 0.1.0 | 3.99 | 29.43 | 33.42 | OK | |
| r-devel-linux-x86_64-fedora-clang | 0.1.0 | 15.00 | 52.77 | 67.77 | OK | |
| r-devel-linux-x86_64-fedora-gcc | 0.1.0 | 11.00 | 50.43 | 61.43 | OK | |
| r-devel-windows-x86_64 | 0.1.0 | 7.00 | 53.00 | 60.00 | OK | |
| r-patched-linux-x86_64 | 0.1.0 | 4.79 | 37.21 | 42.00 | OK | |
| r-release-linux-x86_64 | 0.1.0 | 5.08 | 37.79 | 42.87 | OK | |
| r-release-macos-arm64 | 0.1.0 | 4.00 | 35.00 | 39.00 | OK | |
| r-release-macos-x86_64 | 0.1.0 | 5.00 | 34.00 | 39.00 | OK | |
| r-release-windows-x86_64 | 0.1.0 | 7.00 | 51.00 | 58.00 | OK | |
| r-oldrel-macos-arm64 | 0.1.0 | 3.00 | 21.00 | 24.00 | NOTE | |
| r-oldrel-macos-x86_64 | 0.1.0 | 4.00 | 29.00 | 33.00 | NOTE | |
| r-oldrel-windows-x86_64 | 0.1.0 | 9.00 | 62.00 | 71.00 | NOTE |
Version: 0.1.0
Check: LazyData
Result: NOTE
'LazyData' is specified without a 'data' directory
Flavors: r-oldrel-macos-arm64, r-oldrel-macos-x86_64, r-oldrel-windows-x86_64