Last updated on 2025-04-30 04:50:07 CEST.
Flavor | Version | Tinstall | Tcheck | Ttotal | Status | Flags |
---|---|---|---|---|---|---|
r-devel-linux-x86_64-debian-clang | 0.1.0 | 5.27 | 38.28 | 43.55 | OK | |
r-devel-linux-x86_64-debian-gcc | 0.1.0 | 3.62 | 28.21 | 31.83 | OK | |
r-devel-linux-x86_64-fedora-clang | 0.1.0 | 68.59 | OK | |||
r-devel-linux-x86_64-fedora-gcc | 0.1.0 | 64.24 | OK | |||
r-devel-windows-x86_64 | 0.1.0 | 6.00 | 61.00 | 67.00 | OK | |
r-patched-linux-x86_64 | 0.1.0 | 4.70 | 36.29 | 40.99 | OK | |
r-release-linux-x86_64 | 0.1.0 | 4.89 | 36.25 | 41.14 | OK | |
r-release-macos-arm64 | 0.1.0 | 39.00 | OK | |||
r-release-macos-x86_64 | 0.1.0 | 39.00 | OK | |||
r-release-windows-x86_64 | 0.1.0 | 6.00 | 68.00 | 74.00 | OK | |
r-oldrel-macos-arm64 | 0.1.0 | 24.00 | NOTE | |||
r-oldrel-macos-x86_64 | 0.1.0 | 33.00 | NOTE | |||
r-oldrel-windows-x86_64 | 0.1.0 | 8.00 | 57.00 | 65.00 | NOTE |
Version: 0.1.0
Check: LazyData
Result: NOTE
'LazyData' is specified without a 'data' directory
Flavors: r-oldrel-macos-arm64, r-oldrel-macos-x86_64, r-oldrel-windows-x86_64