Last updated on 2025-04-30 04:50:07 CEST.
Flavor | Version | Tinstall | Tcheck | Ttotal | Status | Flags |
---|---|---|---|---|---|---|
r-devel-linux-x86_64-debian-clang | 1.4.5 | 11.66 | 139.29 | 150.95 | NOTE | |
r-devel-linux-x86_64-debian-gcc | 1.4.5 | 8.44 | 102.24 | 110.68 | NOTE | |
r-devel-linux-x86_64-fedora-clang | 1.4.5 | 235.32 | OK | |||
r-devel-linux-x86_64-fedora-gcc | 1.4.5 | 246.30 | OK | |||
r-devel-windows-x86_64 | 1.4.5 | 18.00 | 203.00 | 221.00 | OK | |
r-patched-linux-x86_64 | 1.4.5 | 10.64 | 137.82 | 148.46 | OK | |
r-release-linux-x86_64 | 1.4.5 | 10.67 | 136.14 | 146.81 | OK | |
r-release-macos-arm64 | 1.4.5 | 125.00 | OK | |||
r-release-macos-x86_64 | 1.4.5 | 176.00 | OK | |||
r-release-windows-x86_64 | 1.4.5 | 19.00 | 195.00 | 214.00 | OK | |
r-oldrel-macos-arm64 | 1.4.5 | 107.00 | OK | |||
r-oldrel-macos-x86_64 | 1.4.5 | 193.00 | OK | |||
r-oldrel-windows-x86_64 | 1.4.5 | 21.00 | 246.00 | 267.00 | OK |
Version: 1.4.5
Check: examples
Result: NOTE
Examples with CPU (user + system) or elapsed time > 5s
user system elapsed
logLik 2.165 0.002 8.204
glmm 2.083 0.080 7.752
mcse 1.956 0.162 7.588
mcvcov 1.977 0.103 8.303
se 1.905 0.046 8.785
vcov.glmm 1.909 0.003 8.298
varcomps.glmm 1.895 0.005 8.331
Flavor: r-devel-linux-x86_64-debian-clang
Version: 1.4.5
Check: examples
Result: NOTE
Examples with CPU (user + system) or elapsed time > 5s
user system elapsed
logLik 1.489 0.265 6.325
glmm 1.559 0.065 6.592
mcse 1.243 0.049 6.084
se 1.264 0.015 5.708
varcomps.glmm 1.246 0.022 6.122
vcov.glmm 1.244 0.001 6.016
mcvcov 1.230 0.003 6.139
Flavor: r-devel-linux-x86_64-debian-gcc