CRAN Package Check Results for Package glmmLasso

Last updated on 2025-04-30 04:50:07 CEST.

Flavor Version Tinstall Tcheck Ttotal Status Flags
r-devel-linux-x86_64-debian-clang 1.6.3 67.36 130.77 198.13 NOTE
r-devel-linux-x86_64-debian-gcc 1.6.3 44.41 86.00 130.41 NOTE
r-devel-linux-x86_64-fedora-clang 1.6.3 326.60 OK
r-devel-linux-x86_64-fedora-gcc 1.6.3 326.13 OK
r-devel-windows-x86_64 1.6.3 63.00 138.00 201.00 OK
r-patched-linux-x86_64 1.6.3 59.43 125.66 185.09 NOTE
r-release-linux-x86_64 1.6.3 63.98 126.24 190.22 NOTE
r-release-macos-arm64 1.6.3 77.00 OK
r-release-macos-x86_64 1.6.3 179.00 OK
r-release-windows-x86_64 1.6.3 63.00 134.00 197.00 OK
r-oldrel-macos-arm64 1.6.3 73.00 NOTE
r-oldrel-macos-x86_64 1.6.3 118.00 NOTE
r-oldrel-windows-x86_64 1.6.3 79.00 174.00 253.00 OK

Check Details

Version: 1.6.3
Check: CRAN incoming feasibility
Result: NOTE Maintainer: ‘Andreas Groll <groll@statistik.tu-dortmund.de>’ No Authors@R field in DESCRIPTION. Please add one, modifying Authors@R: person(given = "Andreas", family = "Groll", role = c("aut", "cre"), email = "groll@statistik.tu-dortmund.de") as necessary. Flavors: r-devel-linux-x86_64-debian-clang, r-devel-linux-x86_64-debian-gcc

Version: 1.6.3
Check: for unstated dependencies in ‘demo’
Result: NOTE 'library' or 'require' calls not declared from: ‘MASS’ ‘nlme’ Flavors: r-devel-linux-x86_64-debian-clang, r-devel-linux-x86_64-debian-gcc, r-patched-linux-x86_64, r-release-linux-x86_64

Version: 1.6.3
Check: installed package size
Result: NOTE installed size is 10.6Mb sub-directories of 1Mb or more: libs 10.0Mb Flavors: r-oldrel-macos-arm64, r-oldrel-macos-x86_64