CRAN Package Check Results for Package glmmPen

Last updated on 2025-04-30 04:50:07 CEST.

Flavor Version Tinstall Tcheck Ttotal Status Flags
r-devel-linux-x86_64-debian-clang 1.5.4.8 430.51 189.56 620.07 OK
r-devel-linux-x86_64-debian-gcc 1.5.4.8 376.96 154.56 531.52 OK
r-devel-linux-x86_64-fedora-clang 1.5.4.8 1035.69 NOTE
r-devel-linux-x86_64-fedora-gcc 1.5.4.8 1277.43 NOTE
r-devel-windows-x86_64 1.5.4.8 496.00 211.00 707.00 OK
r-patched-linux-x86_64 1.5.4.8 509.62 206.56 716.18 OK
r-release-linux-x86_64 1.5.4.8 510.82 215.62 726.44 OK
r-release-macos-arm64 1.5.4.8 237.00 OK
r-release-macos-x86_64 1.5.4.8 302.00 OK
r-release-windows-x86_64 1.5.4.8 491.00 226.00 717.00 OK
r-oldrel-macos-arm64 1.5.4.8 131.00 NOTE
r-oldrel-macos-x86_64 1.5.4.8 148.00 NOTE
r-oldrel-windows-x86_64 1.5.4.8 553.00 284.00 837.00 NOTE

Check Details

Version: 1.5.4.8
Check: dependencies in R code
Result: NOTE Namespace in Imports field not imported from: ‘rstantools’ All declared Imports should be used. Flavors: r-devel-linux-x86_64-fedora-clang, r-devel-linux-x86_64-fedora-gcc

Version: 1.5.4.8
Check: installed package size
Result: NOTE installed size is 67.4Mb sub-directories of 1Mb or more: libs 66.2Mb Flavors: r-oldrel-macos-arm64, r-oldrel-macos-x86_64

Version: 1.5.4.8
Check: for GNU extensions in Makefiles
Result: NOTE GNU make is a SystemRequirements. Flavors: r-oldrel-macos-arm64, r-oldrel-macos-x86_64, r-oldrel-windows-x86_64