CRAN Package Check Results for Package glmmTMB

Last updated on 2025-04-30 04:50:07 CEST.

Flavor Version Tinstall Tcheck Ttotal Status Flags
r-devel-linux-x86_64-debian-clang 1.1.11 221.76 358.48 580.24 OK
r-devel-linux-x86_64-debian-gcc 1.1.11 188.19 275.74 463.93 OK
r-devel-linux-x86_64-fedora-clang 1.1.11 1200.13 OK
r-devel-linux-x86_64-fedora-gcc 1.1.11 1151.57 OK
r-devel-windows-x86_64 1.1.11 224.00 329.00 553.00 OK --no-vignettes
r-patched-linux-x86_64 1.1.11 263.26 356.35 619.61 OK
r-release-linux-x86_64 1.1.11 254.97 352.76 607.73 OK
r-release-macos-arm64 1.1.11 255.00 OK
r-release-macos-x86_64 1.1.11 562.00 OK
r-release-windows-x86_64 1.1.11 229.00 330.00 559.00 OK --no-vignettes
r-oldrel-macos-arm64 1.1.11 262.00 NOTE
r-oldrel-macos-x86_64 1.1.11 531.00 NOTE
r-oldrel-windows-x86_64 1.1.11 265.00 377.00 642.00 NOTE --no-vignettes

Check Details

Version: 1.1.11
Check: installed package size
Result: NOTE installed size is 97.2Mb sub-directories of 1Mb or more: doc 1.7Mb libs 91.3Mb test_data 2.7Mb Flavors: r-oldrel-macos-arm64, r-oldrel-macos-x86_64

Version: 1.1.11
Flags: --no-vignettes
Check: installed package size
Result: NOTE installed size is 10.2Mb sub-directories of 1Mb or more: doc 1.7Mb libs 4.4Mb test_data 2.7Mb Flavor: r-oldrel-windows-x86_64