Last updated on 2025-02-21 03:52:13 CET.
Flavor | Version | Tinstall | Tcheck | Ttotal | Status | Flags |
---|---|---|---|---|---|---|
r-devel-linux-x86_64-debian-clang | 0.3.6 | 146.86 | 139.30 | 286.16 | OK | |
r-devel-linux-x86_64-debian-gcc | 0.3.6 | 165.94 | 116.01 | 281.95 | OK | |
r-devel-linux-x86_64-fedora-clang | 0.3.6 | 510.82 | OK | |||
r-devel-linux-x86_64-fedora-gcc | 0.3.6 | 617.78 | OK | |||
r-devel-macos-arm64 | 0.3.6 | 112.00 | OK | |||
r-devel-macos-x86_64 | 0.3.6 | 186.00 | OK | |||
r-devel-windows-x86_64 | 0.3.6 | 173.00 | 166.00 | 339.00 | OK | |
r-patched-linux-x86_64 | 0.3.6 | 208.84 | 153.64 | 362.48 | OK | |
r-release-linux-x86_64 | 0.3.6 | 194.12 | 152.37 | 346.49 | OK | |
r-release-macos-arm64 | 0.3.6 | 106.00 | NOTE | |||
r-release-macos-x86_64 | 0.3.6 | 167.00 | NOTE | |||
r-release-windows-x86_64 | 0.3.6 | 169.00 | 168.00 | 337.00 | OK | |
r-oldrel-macos-arm64 | 0.3.6 | 115.00 | NOTE | |||
r-oldrel-macos-x86_64 | 0.3.6 | 154.00 | NOTE | |||
r-oldrel-windows-x86_64 | 0.3.6 | 259.00 | 191.00 | 450.00 | OK |
Version: 0.3.6
Check: installed package size
Result: NOTE
installed size is 45.7Mb
sub-directories of 1Mb or more:
libs 45.5Mb
Flavors: r-release-macos-arm64, r-release-macos-x86_64, r-oldrel-macos-arm64, r-oldrel-macos-x86_64