Last updated on 2025-02-22 05:51:37 CET.
Flavor | Version | Tinstall | Tcheck | Ttotal | Status | Flags |
---|---|---|---|---|---|---|
r-devel-linux-x86_64-debian-clang | 1.0.6 | 9.67 | 167.18 | 176.85 | NOTE | |
r-devel-linux-x86_64-debian-gcc | 1.0.6 | 8.87 | 110.66 | 119.53 | NOTE | |
r-devel-linux-x86_64-fedora-clang | 1.0.6 | 274.83 | OK | |||
r-devel-linux-x86_64-fedora-gcc | 1.0.6 | 294.87 | OK | |||
r-devel-macos-arm64 | 1.0.6 | 103.00 | OK | |||
r-devel-macos-x86_64 | 1.0.6 | 236.00 | OK | |||
r-devel-windows-x86_64 | 1.0.6 | 11.00 | 214.00 | 225.00 | NOTE | |
r-patched-linux-x86_64 | 1.0.6 | 22.56 | 160.13 | 182.69 | OK | |
r-release-linux-x86_64 | 1.0.6 | 10.40 | 156.70 | 167.10 | OK | |
r-release-macos-arm64 | 1.0.6 | 86.00 | OK | |||
r-release-macos-x86_64 | 1.0.6 | 158.00 | OK | |||
r-release-windows-x86_64 | 1.0.6 | 12.00 | 219.00 | 231.00 | OK | |
r-oldrel-macos-arm64 | 1.0.6 | 97.00 | OK | |||
r-oldrel-macos-x86_64 | 1.0.6 | 160.00 | OK | |||
r-oldrel-windows-x86_64 | 1.0.6 | 14.00 | 249.00 | 263.00 | OK |
Version: 1.0.6
Check: Rd cross-references
Result: NOTE
Found the following Rd file(s) with Rd \link{} targets missing package
anchors:
glmnetcr.Rd: glmnet
Please provide package anchors for all Rd \link{} targets not in the
package itself and the base packages.
Flavors: r-devel-linux-x86_64-debian-clang, r-devel-linux-x86_64-debian-gcc, r-devel-windows-x86_64