Last updated on 2025-04-30 04:50:07 CEST.
Flavor | Version | Tinstall | Tcheck | Ttotal | Status | Flags |
---|---|---|---|---|---|---|
r-devel-linux-x86_64-debian-clang | 1.0 | 11.11 | 108.25 | 119.36 | NOTE | |
r-devel-linux-x86_64-debian-gcc | 1.0 | 8.09 | 78.99 | 87.08 | NOTE | |
r-devel-linux-x86_64-fedora-clang | 1.0 | 177.02 | OK | |||
r-devel-linux-x86_64-fedora-gcc | 1.0 | 183.89 | OK | |||
r-devel-windows-x86_64 | 1.0 | 12.00 | 118.00 | 130.00 | OK | |
r-patched-linux-x86_64 | 1.0 | 9.96 | 102.33 | 112.29 | OK | |
r-release-linux-x86_64 | 1.0 | 9.70 | 105.31 | 115.01 | OK | |
r-release-macos-arm64 | 1.0 | 75.00 | OK | |||
r-release-macos-x86_64 | 1.0 | 107.00 | OK | |||
r-release-windows-x86_64 | 1.0 | 12.00 | 180.00 | 192.00 | OK | |
r-oldrel-macos-arm64 | 1.0 | 60.00 | OK | |||
r-oldrel-macos-x86_64 | 1.0 | 91.00 | OK | |||
r-oldrel-windows-x86_64 | 1.0 | 15.00 | 136.00 | 151.00 | OK |
Version: 1.0
Check: CRAN incoming feasibility
Result: NOTE
Maintainer: ‘Mary E. Savino <mary.savino@outlook.fr>’
No Authors@R field in DESCRIPTION.
Please add one, modifying
Authors@R: c(person(given = c("M.", "E."),
family = "Savino",
role = "aut"),
person(given = c("Mary", "E."),
family = "Savino",
role = "cre",
email = "mary.savino@outlook.fr"))
as necessary.
The Description field contains
Lévy-Leduc, C. (2023), <arXiv:2306.00686>.
Please refer to arXiv e-prints via their arXiv DOI <doi:10.48550/arXiv.YYMM.NNNNN>.
Flavors: r-devel-linux-x86_64-debian-clang, r-devel-linux-x86_64-debian-gcc