Last updated on 2025-02-21 03:52:13 CET.
Flavor | Version | Tinstall | Tcheck | Ttotal | Status | Flags |
---|---|---|---|---|---|---|
r-devel-linux-x86_64-debian-clang | 0.13.0 | 27.58 | 57.39 | 84.97 | OK | |
r-devel-linux-x86_64-debian-gcc | 0.13.0 | 20.12 | 42.92 | 63.04 | OK | |
r-devel-linux-x86_64-fedora-clang | 0.13.0 | 142.76 | OK | |||
r-devel-linux-x86_64-fedora-gcc | 0.13.0 | 158.63 | OK | |||
r-devel-macos-arm64 | 0.13.0 | 56.00 | OK | |||
r-devel-macos-x86_64 | 0.13.0 | 132.00 | OK | |||
r-devel-windows-x86_64 | 0.13.0 | 30.00 | 104.00 | 134.00 | OK | |
r-patched-linux-x86_64 | 0.13.0 | 26.94 | 56.93 | 83.87 | OK | |
r-release-linux-x86_64 | 0.13.0 | 28.40 | 54.27 | 82.67 | OK | |
r-release-macos-arm64 | 0.13.0 | 37.00 | NOTE | |||
r-release-macos-x86_64 | 0.13.0 | 72.00 | NOTE | |||
r-release-windows-x86_64 | 0.13.0 | 31.00 | 107.00 | 138.00 | OK | |
r-oldrel-macos-arm64 | 0.13.0 | 55.00 | NOTE | |||
r-oldrel-macos-x86_64 | 0.13.0 | 111.00 | NOTE | |||
r-oldrel-windows-x86_64 | 0.13.0 | 38.00 | 145.00 | 183.00 | OK |
Version: 0.13.0
Check: installed package size
Result: NOTE
installed size is 11.5Mb
sub-directories of 1Mb or more:
doc 1.3Mb
libs 9.9Mb
Flavors: r-release-macos-arm64, r-release-macos-x86_64, r-oldrel-macos-arm64, r-oldrel-macos-x86_64