Last updated on 2025-04-30 04:50:07 CEST.
Flavor | Version | Tinstall | Tcheck | Ttotal | Status | Flags |
---|---|---|---|---|---|---|
r-devel-linux-x86_64-debian-clang | 1.0.1 | 1.95 | 42.18 | 44.13 | NOTE | |
r-devel-linux-x86_64-debian-gcc | 1.0.1 | 1.73 | 29.56 | 31.29 | NOTE | |
r-devel-linux-x86_64-fedora-clang | 1.0.1 | 69.40 | OK | |||
r-devel-linux-x86_64-fedora-gcc | 1.0.1 | 84.55 | OK | |||
r-devel-windows-x86_64 | 1.0.1 | 4.00 | 69.00 | 73.00 | OK | |
r-patched-linux-x86_64 | 1.0.1 | 1.83 | 38.94 | 40.77 | OK | |
r-release-linux-x86_64 | 1.0.1 | 2.10 | 40.90 | 43.00 | OK | |
r-release-macos-arm64 | 1.0.1 | 29.00 | OK | |||
r-release-macos-x86_64 | 1.0.1 | 53.00 | OK | |||
r-release-windows-x86_64 | 1.0.1 | 3.00 | 73.00 | 76.00 | OK | |
r-oldrel-macos-arm64 | 1.0.1 | 28.00 | NOTE | |||
r-oldrel-macos-x86_64 | 1.0.1 | 54.00 | NOTE | |||
r-oldrel-windows-x86_64 | 1.0.1 | 3.00 | 78.00 | 81.00 | NOTE |
Version: 1.0.1
Check: CRAN incoming feasibility
Result: NOTE
Maintainer: ‘Andrea Martino <andrea.martino@polimi.it>’
The Description field contains
Ieva, F. and Paganoni A. M. (2017) <arXiv:1708.00386>.
Please refer to arXiv e-prints via their arXiv DOI <doi:10.48550/arXiv.YYMM.NNNNN>.
Flavors: r-devel-linux-x86_64-debian-clang, r-devel-linux-x86_64-debian-gcc
Version: 1.0.1
Check: examples
Result: NOTE
Examples with CPU (user + system) or elapsed time > 5s
user system elapsed
gmfd_kmeans 4.005 0.139 5.369
gmfd_test 4.118 0.006 6.285
Flavor: r-devel-linux-x86_64-debian-clang
Version: 1.0.1
Check: LazyData
Result: NOTE
'LazyData' is specified without a 'data' directory
Flavors: r-oldrel-macos-arm64, r-oldrel-macos-x86_64, r-oldrel-windows-x86_64