Last updated on 2025-04-30 04:50:07 CEST.
Flavor | Version | Tinstall | Tcheck | Ttotal | Status | Flags |
---|---|---|---|---|---|---|
r-devel-linux-x86_64-debian-clang | 0.4.5 | 62.70 | 109.08 | 171.78 | NOTE | |
r-devel-linux-x86_64-debian-gcc | 0.4.5 | 48.51 | 75.02 | 123.53 | OK | |
r-devel-linux-x86_64-fedora-clang | 0.4.5 | 283.01 | OK | |||
r-devel-linux-x86_64-fedora-gcc | 0.4.5 | 291.28 | OK | |||
r-devel-windows-x86_64 | 0.4.5 | 71.00 | 151.00 | 222.00 | OK | |
r-patched-linux-x86_64 | 0.4.5 | 65.57 | 101.19 | 166.76 | OK | |
r-release-linux-x86_64 | 0.4.5 | 66.68 | 102.04 | 168.72 | OK | |
r-release-macos-arm64 | 0.4.5 | 81.00 | OK | |||
r-release-macos-x86_64 | 0.4.5 | 145.00 | OK | |||
r-release-windows-x86_64 | 0.4.5 | 71.00 | 139.00 | 210.00 | OK | |
r-oldrel-macos-arm64 | 0.4.5 | 74.00 | NOTE | |||
r-oldrel-macos-x86_64 | 0.4.5 | 131.00 | NOTE | |||
r-oldrel-windows-x86_64 | 0.4.5 | 82.00 | 186.00 | 268.00 | OK |
Version: 0.4.5
Check: examples
Result: NOTE
Examples with CPU (user + system) or elapsed time > 5s
user system elapsed
fixef.joint 4.795 0.134 5.775
Flavor: r-devel-linux-x86_64-debian-clang
Version: 0.4.5
Check: installed package size
Result: NOTE
installed size is 7.4Mb
sub-directories of 1Mb or more:
libs 6.9Mb
Flavors: r-oldrel-macos-arm64, r-oldrel-macos-x86_64