Last updated on 2025-04-30 04:50:07 CEST.
Flavor | Version | Tinstall | Tcheck | Ttotal | Status | Flags |
---|---|---|---|---|---|---|
r-devel-linux-x86_64-debian-clang | 0.0.2 | 77.67 | 214.48 | 292.15 | NOTE | |
r-devel-linux-x86_64-debian-gcc | 0.0.2 | 53.97 | 141.45 | 195.42 | NOTE | |
r-devel-linux-x86_64-fedora-clang | 0.0.2 | 491.23 | OK | |||
r-devel-linux-x86_64-fedora-gcc | 0.0.2 | 487.33 | OK | |||
r-devel-windows-x86_64 | 0.0.2 | 86.00 | 307.00 | 393.00 | OK | |
r-patched-linux-x86_64 | 0.0.2 | 71.53 | 206.91 | 278.44 | OK | |
r-release-linux-x86_64 | 0.0.2 | 74.64 | 206.37 | 281.01 | OK | |
r-release-macos-arm64 | 0.0.2 | 137.00 | OK | |||
r-release-macos-x86_64 | 0.0.2 | 317.00 | OK | |||
r-release-windows-x86_64 | 0.0.2 | 87.00 | 341.00 | 428.00 | OK | |
r-oldrel-macos-arm64 | 0.0.2 | 162.00 | NOTE | |||
r-oldrel-macos-x86_64 | 0.0.2 | 310.00 | NOTE | |||
r-oldrel-windows-x86_64 | 0.0.2 | 103.00 | 356.00 | 459.00 | OK |
Version: 0.0.2
Check: examples
Result: NOTE
Examples with CPU (user + system) or elapsed time > 5s
user system elapsed
plot.fit_gnss_ts_ngl 5.145 1.441 9.045
Flavor: r-devel-linux-x86_64-debian-clang
Version: 0.0.2
Check: examples
Result: NOTE
Examples with CPU (user + system) or elapsed time > 5s
user system elapsed
plot.fit_gnss_ts_ngl 4.207 0.473 6.981
Flavor: r-devel-linux-x86_64-debian-gcc
Version: 0.0.2
Check: installed package size
Result: NOTE
installed size is 5.6Mb
sub-directories of 1Mb or more:
doc 1.7Mb
libs 3.7Mb
Flavors: r-oldrel-macos-arm64, r-oldrel-macos-x86_64