Last updated on 2025-02-22 05:51:37 CET.
Flavor | Version | Tinstall | Tcheck | Ttotal | Status | Flags |
---|---|---|---|---|---|---|
r-devel-linux-x86_64-debian-clang | 0.2.0 | 6.04 | 53.11 | 59.15 | OK | |
r-devel-linux-x86_64-debian-gcc | 0.2.0 | 4.55 | 39.78 | 44.33 | OK | |
r-devel-linux-x86_64-fedora-clang | 0.2.0 | 91.43 | OK | |||
r-devel-linux-x86_64-fedora-gcc | 0.2.0 | 88.36 | OK | |||
r-devel-macos-arm64 | 0.2.0 | 32.00 | OK | |||
r-devel-macos-x86_64 | 0.2.0 | 53.00 | OK | |||
r-devel-windows-x86_64 | 0.2.0 | 8.00 | 69.00 | 77.00 | OK | |
r-patched-linux-x86_64 | 0.2.0 | 5.73 | 51.77 | 57.50 | NOTE | |
r-release-linux-x86_64 | 0.2.0 | 6.13 | 49.83 | 55.96 | NOTE | |
r-release-macos-arm64 | 0.2.0 | 30.00 | NOTE | |||
r-release-macos-x86_64 | 0.2.0 | 47.00 | NOTE | |||
r-release-windows-x86_64 | 0.2.0 | 8.00 | 68.00 | 76.00 | NOTE | |
r-oldrel-macos-arm64 | 0.2.0 | 31.00 | NOTE | |||
r-oldrel-macos-x86_64 | 0.2.0 | 51.00 | NOTE | |||
r-oldrel-windows-x86_64 | 0.2.0 | 6.00 | 67.00 | 73.00 | NOTE |
Version: 0.2.0
Check: LazyData
Result: NOTE
'LazyData' is specified without a 'data' directory
Flavors: r-patched-linux-x86_64, r-release-linux-x86_64, r-release-macos-arm64, r-release-macos-x86_64, r-release-windows-x86_64, r-oldrel-macos-arm64, r-oldrel-macos-x86_64, r-oldrel-windows-x86_64