CRAN Package Check Results for Package gnomonicM

Last updated on 2025-04-30 04:50:07 CEST.

Flavor Version Tinstall Tcheck Ttotal Status Flags
r-devel-linux-x86_64-debian-clang 1.0.1 5.31 66.20 71.51 OK
r-devel-linux-x86_64-debian-gcc 1.0.1 4.08 48.07 52.15 OK
r-devel-linux-x86_64-fedora-clang 1.0.1 97.04 OK
r-devel-linux-x86_64-fedora-gcc 1.0.1 110.61 OK
r-devel-windows-x86_64 1.0.1 7.00 78.00 85.00 OK
r-patched-linux-x86_64 1.0.1 5.06 64.79 69.85 OK
r-release-linux-x86_64 1.0.1 4.33 63.39 67.72 OK
r-release-macos-arm64 1.0.1 45.00 OK
r-release-macos-x86_64 1.0.1 68.00 OK
r-release-windows-x86_64 1.0.1 8.00 75.00 83.00 OK
r-oldrel-macos-arm64 1.0.1 35.00 NOTE
r-oldrel-macos-x86_64 1.0.1 58.00 NOTE
r-oldrel-windows-x86_64 1.0.1 9.00 88.00 97.00 NOTE

Check Details

Version: 1.0.1
Check: LazyData
Result: NOTE 'LazyData' is specified without a 'data' directory Flavors: r-oldrel-macos-arm64, r-oldrel-macos-x86_64, r-oldrel-windows-x86_64