Last updated on 2025-04-30 04:50:07 CEST.
Flavor | Version | Tinstall | Tcheck | Ttotal | Status | Flags |
---|---|---|---|---|---|---|
r-devel-linux-x86_64-debian-clang | 1.1.2 | 21.13 | 66.96 | 88.09 | OK | |
r-devel-linux-x86_64-debian-gcc | 1.1.2 | 16.84 | 46.15 | 62.99 | OK | |
r-devel-linux-x86_64-fedora-clang | 1.1.2 | 163.81 | OK | |||
r-devel-linux-x86_64-fedora-gcc | 1.1.2 | 138.73 | OK | |||
r-devel-windows-x86_64 | 1.1.2 | 29.00 | 101.00 | 130.00 | OK | |
r-patched-linux-x86_64 | 1.1.2 | 22.31 | 62.95 | 85.26 | OK | |
r-release-linux-x86_64 | 1.1.2 | 23.00 | 61.19 | 84.19 | OK | |
r-release-macos-arm64 | 1.1.2 | 43.00 | OK | |||
r-release-macos-x86_64 | 1.1.2 | 85.00 | OK | |||
r-release-windows-x86_64 | 1.1.2 | 27.00 | 109.00 | 136.00 | OK | |
r-oldrel-macos-arm64 | 1.1.2 | 44.00 | NOTE | |||
r-oldrel-macos-x86_64 | 1.1.2 | 76.00 | NOTE | |||
r-oldrel-windows-x86_64 | 1.1.2 | 34.00 | 117.00 | 151.00 | OK |
Version: 1.1.2
Check: package dependencies
Result: NOTE
Packages suggested but not available for checking:
'org.Pt.eg.db', 'org.Mmu.eg.db', 'org.Mm.eg.db', 'org.Rn.eg.db',
'org.Dr.eg.db', 'org.Dm.eg.db', 'org.Ce.eg.db'
Flavor: r-oldrel-macos-arm64
Version: 1.1.2
Check: installed package size
Result: NOTE
installed size is 5.7Mb
sub-directories of 1Mb or more:
data 4.2Mb
libs 1.0Mb
Flavors: r-oldrel-macos-arm64, r-oldrel-macos-x86_64
Version: 1.1.2
Check: package dependencies
Result: NOTE
Packages suggested but not available for checking:
'org.Pt.eg.db', 'org.Mmu.eg.db', 'org.Dm.eg.db', 'org.Ce.eg.db'
Flavor: r-oldrel-macos-x86_64