Last updated on 2025-04-30 04:50:07 CEST.
Flavor | Version | Tinstall | Tcheck | Ttotal | Status | Flags |
---|---|---|---|---|---|---|
r-devel-linux-x86_64-debian-clang | 0.1 | 43.41 | 80.42 | 123.83 | OK | |
r-devel-linux-x86_64-debian-gcc | 0.1 | 34.28 | 57.92 | 92.20 | OK | |
r-devel-linux-x86_64-fedora-clang | 0.1 | 196.33 | NOTE | |||
r-devel-linux-x86_64-fedora-gcc | 0.1 | 201.23 | NOTE | |||
r-devel-windows-x86_64 | 0.1 | 52.00 | 113.00 | 165.00 | OK | |
r-patched-linux-x86_64 | 0.1 | 51.45 | 78.08 | 129.53 | OK | |
r-release-linux-x86_64 | 0.1 | 49.91 | 76.18 | 126.09 | OK | |
r-release-macos-arm64 | 0.1 | 53.00 | OK | |||
r-release-macos-x86_64 | 0.1 | 111.00 | OK | |||
r-release-windows-x86_64 | 0.1 | 53.00 | 110.00 | 163.00 | OK | |
r-oldrel-macos-arm64 | 0.1 | 53.00 | NOTE | |||
r-oldrel-macos-x86_64 | 0.1 | 94.00 | NOTE | |||
r-oldrel-windows-x86_64 | 0.1 | 60.00 | 135.00 | 195.00 | OK |
Version: 0.1
Check: dependencies in R code
Result: NOTE
Namespace in Imports field not imported from: ‘Rcpp’
All declared Imports should be used.
Flavors: r-devel-linux-x86_64-fedora-clang, r-devel-linux-x86_64-fedora-gcc
Version: 0.1
Check: installed package size
Result: NOTE
installed size is 5.4Mb
sub-directories of 1Mb or more:
libs 5.1Mb
Flavors: r-oldrel-macos-arm64, r-oldrel-macos-x86_64