CRAN Package Check Results for Package goffda

Last updated on 2025-04-30 04:50:07 CEST.

Flavor Version Tinstall Tcheck Ttotal Status Flags
r-devel-linux-x86_64-debian-clang 0.1.2 27.94 102.65 130.59 NOTE
r-devel-linux-x86_64-debian-gcc 0.1.2 19.46 72.49 91.95 NOTE
r-devel-linux-x86_64-fedora-clang 0.1.2 213.18 OK
r-devel-linux-x86_64-fedora-gcc 0.1.2 206.07 OK
r-devel-windows-x86_64 0.1.2 31.00 138.00 169.00 OK
r-patched-linux-x86_64 0.1.2 27.89 100.05 127.94 OK
r-release-linux-x86_64 0.1.2 25.64 99.41 125.05 OK
r-release-macos-arm64 0.1.2 68.00 OK
r-release-macos-x86_64 0.1.2 110.00 OK
r-release-windows-x86_64 0.1.2 32.00 137.00 169.00 OK
r-oldrel-macos-arm64 0.1.2 58.00 OK
r-oldrel-macos-x86_64 0.1.2 88.00 OK
r-oldrel-windows-x86_64 0.1.2 39.00 165.00 204.00 OK

Check Details

Version: 0.1.2
Check: CRAN incoming feasibility
Result: NOTE Maintainer: ‘Eduardo García-Portugués <edgarcia@est-econ.uc3m.es>’ The BugReports field in DESCRIPTION has https://github.com/egarpor/goffda which should likely be https://github.com/egarpor/goffda/issues instead. Flavors: r-devel-linux-x86_64-debian-clang, r-devel-linux-x86_64-debian-gcc

Version: 0.1.2
Check: examples
Result: NOTE Examples with CPU (user + system) or elapsed time > 5s user system elapsed flm_est 3.851 0.116 5.052 Flavor: r-devel-linux-x86_64-debian-clang