CRAN Package Check Results for Package gogarch

Last updated on 2025-04-30 04:50:07 CEST.

Flavor Version Tinstall Tcheck Ttotal Status Flags
r-devel-linux-x86_64-debian-clang 0.7-5 15.69 85.15 100.84 NOTE
r-devel-linux-x86_64-debian-gcc 0.7-5 9.28 60.80 70.08 NOTE
r-devel-linux-x86_64-fedora-clang 0.7-5 156.86 NOTE
r-devel-linux-x86_64-fedora-gcc 0.7-5 149.14 NOTE
r-devel-windows-x86_64 0.7-5 15.00 101.00 116.00 NOTE
r-patched-linux-x86_64 0.7-5 13.19 82.22 95.41 NOTE
r-release-linux-x86_64 0.7-5 14.83 82.20 97.03 NOTE
r-release-macos-arm64 0.7-5 45.00 NOTE
r-release-macos-x86_64 0.7-5 93.00 NOTE
r-release-windows-x86_64 0.7-5 14.00 97.00 111.00 NOTE
r-oldrel-macos-arm64 0.7-5 42.00 NOTE
r-oldrel-macos-x86_64 0.7-5 63.00 NOTE
r-oldrel-windows-x86_64 0.7-5 17.00 122.00 139.00 NOTE

Check Details

Version: 0.7-5
Check: Rd files
Result: NOTE checkRd: (-1) BVDWSTOXX.Rd:14: Escaped LaTeX specials: \& checkRd: (-1) BVDWSTOXX.Rd:15: Escaped LaTeX specials: \& checkRd: (-1) BVDWSTOXX.Rd:16: Escaped LaTeX specials: \& \& checkRd: (-1) BVDWSTOXX.Rd:26: Escaped LaTeX specials: \& checkRd: (-1) BVDWSTOXX.Rd:31: Escaped LaTeX specials: \& checkRd: (-1) BVDWSTOXX.Rd:34: Escaped LaTeX specials: \& checkRd: (-1) BVDWSTOXX.Rd:37: Escaped LaTeX specials: \& Flavors: r-devel-linux-x86_64-debian-clang, r-devel-linux-x86_64-debian-gcc, r-devel-linux-x86_64-fedora-clang, r-devel-linux-x86_64-fedora-gcc, r-devel-windows-x86_64, r-patched-linux-x86_64, r-release-linux-x86_64, r-release-macos-arm64, r-release-macos-x86_64, r-release-windows-x86_64, r-oldrel-macos-arm64, r-oldrel-macos-x86_64, r-oldrel-windows-x86_64