Last updated on 2025-04-30 04:50:07 CEST.
Flavor | Version | Tinstall | Tcheck | Ttotal | Status | Flags |
---|---|---|---|---|---|---|
r-devel-linux-x86_64-debian-clang | 1.6.12 | 148.67 | 105.52 | 254.19 | NOTE | |
r-devel-linux-x86_64-debian-gcc | 1.6.12 | 102.98 | 69.58 | 172.56 | OK | |
r-devel-linux-x86_64-fedora-clang | 1.6.12 | 492.35 | OK | |||
r-devel-linux-x86_64-fedora-gcc | 1.6.12 | 462.34 | OK | |||
r-devel-windows-x86_64 | 1.6.12 | 172.00 | 132.00 | 304.00 | OK | |
r-patched-linux-x86_64 | 1.6.12 | 144.76 | 98.44 | 243.20 | OK | |
r-release-linux-x86_64 | 1.6.12 | 143.86 | 99.78 | 243.64 | OK | |
r-release-macos-arm64 | 1.6.12 | 91.00 | OK | |||
r-release-macos-x86_64 | 1.6.12 | 165.00 | OK | |||
r-release-windows-x86_64 | 1.6.12 | 172.00 | 128.00 | 300.00 | OK | |
r-oldrel-macos-arm64 | 1.6.12 | 100.00 | NOTE | |||
r-oldrel-macos-x86_64 | 1.6.12 | 134.00 | NOTE | |||
r-oldrel-windows-x86_64 | 1.6.12 | 189.00 | 170.00 | 359.00 | OK |
Version: 1.6.12
Check: examples
Result: NOTE
Examples with CPU (user + system) or elapsed time > 5s
user system elapsed
estimate 6.685 0.043 8.132
examine 4.478 0.047 5.324
Flavor: r-devel-linux-x86_64-debian-clang
Version: 1.6.12
Check: installed package size
Result: NOTE
installed size is 7.6Mb
sub-directories of 1Mb or more:
libs 5.9Mb
Flavors: r-oldrel-macos-arm64, r-oldrel-macos-x86_64