Last updated on 2025-02-21 03:52:14 CET.
Flavor | Version | Tinstall | Tcheck | Ttotal | Status | Flags |
---|---|---|---|---|---|---|
r-devel-linux-x86_64-debian-clang | 1.6.10 | 154.91 | 106.35 | 261.26 | NOTE | |
r-devel-linux-x86_64-debian-gcc | 1.6.10 | 102.56 | 68.22 | 170.78 | NOTE | |
r-devel-linux-x86_64-fedora-clang | 1.6.10 | 489.75 | NOTE | |||
r-devel-linux-x86_64-fedora-gcc | 1.6.10 | 464.82 | NOTE | |||
r-devel-macos-arm64 | 1.6.10 | 104.00 | OK | |||
r-devel-macos-x86_64 | 1.6.10 | 176.00 | NOTE | |||
r-devel-windows-x86_64 | 1.6.10 | 152.00 | 132.00 | 284.00 | NOTE | |
r-patched-linux-x86_64 | 1.6.10 | 141.52 | 97.78 | 239.30 | OK | |
r-release-linux-x86_64 | 1.6.10 | 144.48 | 97.91 | 242.39 | OK | |
r-release-macos-arm64 | 1.6.10 | 107.00 | NOTE | |||
r-release-macos-x86_64 | 1.6.10 | 181.00 | NOTE | |||
r-release-windows-x86_64 | 1.6.10 | 153.00 | 133.00 | 286.00 | OK | |
r-oldrel-macos-arm64 | 1.6.10 | 103.00 | NOTE | |||
r-oldrel-macos-x86_64 | 1.6.10 | 145.00 | NOTE | |||
r-oldrel-windows-x86_64 | 1.6.10 | 192.00 | 172.00 | 364.00 | OK |
Version: 1.6.10
Check: DESCRIPTION meta-information
Result: NOTE
Missing dependency on R >= 4.1.0 because package code uses the pipe
|> or function shorthand \(...) syntax added in R 4.1.0.
File(s) using such syntax:
‘functions_checks.R’ ‘functions_effects_DyNAM_choice.R’
‘functions_effects_DyNAMi_choice.R’ ‘functions_effects_REM.R’
‘functions_estimation.R’ ‘functions_estimation_engine.R’
‘functions_parsing.R’ ‘functions_preprocessing.R’
‘functions_preprocessing_interaction.R’ ‘functions_utility.R’
Flavors: r-devel-linux-x86_64-debian-clang, r-devel-linux-x86_64-debian-gcc, r-devel-linux-x86_64-fedora-clang, r-devel-linux-x86_64-fedora-gcc, r-devel-macos-x86_64, r-devel-windows-x86_64
Version: 1.6.10
Check: top-level files
Result: NOTE
possible bashism in configure.ac line 33 (should be 'b = a'):
if test x"${RSysinfoName}" == x"Darwin"; then
possible bashism in configure.ac line 42 (should be 'b = a'):
if test x"${hasOpenMP}" == x""; then
Flavors: r-devel-linux-x86_64-debian-clang, r-devel-linux-x86_64-debian-gcc, r-devel-linux-x86_64-fedora-clang, r-devel-linux-x86_64-fedora-gcc
Version: 1.6.10
Check: installed package size
Result: NOTE
installed size is 7.5Mb
sub-directories of 1Mb or more:
libs 5.8Mb
Flavors: r-release-macos-arm64, r-release-macos-x86_64, r-oldrel-macos-arm64, r-oldrel-macos-x86_64