CRAN Package Check Results for Package gontr

Last updated on 2025-04-30 04:50:07 CEST.

Flavor Version Tinstall Tcheck Ttotal Status Flags
r-devel-linux-x86_64-debian-clang 1.1.0 6.19 19.18 25.37 NOTE
r-devel-linux-x86_64-debian-gcc 1.1.0 6.14 15.75 21.89 NOTE
r-devel-linux-x86_64-fedora-clang 1.1.0 37.24 OK
r-devel-linux-x86_64-fedora-gcc 1.1.0 36.84 OK
r-devel-windows-x86_64 1.1.0 8.00 38.00 46.00 OK
r-patched-linux-x86_64 1.1.0 6.04 19.00 25.04 OK
r-release-linux-x86_64 1.1.0 5.54 18.46 24.00 OK
r-release-macos-arm64 1.1.0 20.00 OK
r-release-macos-x86_64 1.1.0 31.00 OK
r-release-windows-x86_64 1.1.0 8.00 41.00 49.00 OK
r-oldrel-macos-arm64 1.1.0 17.00 OK
r-oldrel-macos-x86_64 1.1.0 26.00 OK
r-oldrel-windows-x86_64 1.1.0 7.00 38.00 45.00 OK

Check Details

Version: 1.1.0
Check: CRAN incoming feasibility
Result: NOTE Maintainer: ‘Kalifa Manjang <kalifamanjang1@gmail.com>’ No Authors@R field in DESCRIPTION. Please add one, modifying Authors@R: person(given = "Kalifa", family = "Manjang", role = c("aut", "cre"), email = "kalifamanjang1@gmail.com") as necessary. Flavors: r-devel-linux-x86_64-debian-clang, r-devel-linux-x86_64-debian-gcc