Last updated on 2025-04-30 04:50:07 CEST.
Flavor | Version | Tinstall | Tcheck | Ttotal | Status | Flags |
---|---|---|---|---|---|---|
r-devel-linux-x86_64-debian-clang | 1.0 | 5.33 | 68.06 | 73.39 | NOTE | |
r-devel-linux-x86_64-debian-gcc | 1.0 | 3.57 | 46.45 | 50.02 | NOTE | |
r-devel-linux-x86_64-fedora-clang | 1.0 | 115.79 | NOTE | |||
r-devel-linux-x86_64-fedora-gcc | 1.0 | 110.34 | NOTE | |||
r-devel-windows-x86_64 | 1.0 | 7.00 | 103.00 | 110.00 | NOTE | |
r-patched-linux-x86_64 | 1.0 | 6.47 | 64.54 | 71.01 | NOTE | |
r-release-linux-x86_64 | 1.0 | 4.00 | 64.13 | 68.13 | NOTE | |
r-release-macos-arm64 | 1.0 | 38.00 | NOTE | |||
r-release-macos-x86_64 | 1.0 | 65.00 | NOTE | |||
r-release-windows-x86_64 | 1.0 | 8.00 | 99.00 | 107.00 | NOTE | |
r-oldrel-macos-arm64 | 1.0 | 31.00 | NOTE | |||
r-oldrel-macos-x86_64 | 1.0 | 48.00 | NOTE | |||
r-oldrel-windows-x86_64 | 1.0 | 9.00 | 113.00 | 122.00 | NOTE |
Version: 1.0
Check: Rd files
Result: NOTE
checkRd: (-1) compute_lower_bound_1tree.Rd:31: Lost braces; missing escapes or markup?
31 | instance from vertex 1. Internally, it creates the graph Kn-{v1}
| ^
Flavors: r-devel-linux-x86_64-debian-clang, r-devel-linux-x86_64-debian-gcc, r-devel-linux-x86_64-fedora-clang, r-devel-linux-x86_64-fedora-gcc, r-devel-windows-x86_64, r-patched-linux-x86_64, r-release-linux-x86_64, r-release-macos-arm64, r-release-macos-x86_64, r-release-windows-x86_64, r-oldrel-macos-arm64, r-oldrel-macos-x86_64, r-oldrel-windows-x86_64
Version: 1.0
Check: Rd cross-references
Result: NOTE
Found the following Rd file(s) with Rd \link{} targets missing package
anchors:
apply_incidence_map.Rd: as_edgelist
compute_cut_weight.Rd: as_edgelist
compute_lower_bound_1tree.Rd: mst, igraph
dfs_tree.Rd: bfs, dfs
dijk.Rd: shortest_paths, igraph
generate_fundamental_cycles.Rd: as_edgelist
gor.Rd: igraph
is_cover.Rd: as_edgelist
shave_cycle.Rd: as_edgelist
Please provide package anchors for all Rd \link{} targets not in the
package itself and the base packages.
Flavors: r-devel-linux-x86_64-debian-clang, r-devel-linux-x86_64-debian-gcc, r-devel-windows-x86_64, r-patched-linux-x86_64, r-release-linux-x86_64, r-release-windows-x86_64
Version: 1.0
Check: examples
Result: NOTE
Examples with CPU (user + system) or elapsed time > 5s
user system elapsed
compute_lower_bound_HK 4.423 0.156 6.081
Flavor: r-devel-linux-x86_64-debian-clang