CRAN Package Check Results for Package govdown

Last updated on 2025-04-30 04:50:07 CEST.

Flavor Version Tinstall Tcheck Ttotal Status Flags
r-devel-linux-x86_64-debian-clang 0.10.1 1.85 20.58 22.43 OK
r-devel-linux-x86_64-debian-gcc 0.10.1 1.57 17.01 18.58 OK
r-devel-linux-x86_64-fedora-clang 0.10.1 32.77 OK
r-devel-linux-x86_64-fedora-gcc 0.10.1 32.28 OK
r-devel-windows-x86_64 0.10.1 4.00 44.00 48.00 OK
r-patched-linux-x86_64 0.10.1 1.93 18.67 20.60 OK
r-release-linux-x86_64 0.10.1 1.53 18.53 20.06 OK
r-release-macos-arm64 0.10.1 19.00 OK
r-release-macos-x86_64 0.10.1 28.00 OK
r-release-windows-x86_64 0.10.1 3.00 43.00 46.00 OK
r-oldrel-macos-arm64 0.10.1 16.00 NOTE
r-oldrel-macos-x86_64 0.10.1 22.00 NOTE
r-oldrel-windows-x86_64 0.10.1 4.00 43.00 47.00 NOTE

Check Details

Version: 0.10.1
Check: LazyData
Result: NOTE 'LazyData' is specified without a 'data' directory Flavors: r-oldrel-macos-arm64, r-oldrel-macos-x86_64, r-oldrel-windows-x86_64