Last updated on 2025-04-30 04:50:07 CEST.
Flavor | Version | Tinstall | Tcheck | Ttotal | Status | Flags |
---|---|---|---|---|---|---|
r-devel-linux-x86_64-debian-clang | 0.6.2 | 3.09 | 38.94 | 42.03 | NOTE | |
r-devel-linux-x86_64-debian-gcc | 0.6.2 | 2.52 | 28.79 | 31.31 | NOTE | |
r-devel-linux-x86_64-fedora-clang | 0.6.2 | 65.18 | NOTE | |||
r-devel-linux-x86_64-fedora-gcc | 0.6.2 | 77.65 | NOTE | |||
r-devel-windows-x86_64 | 0.6.2 | 5.00 | 67.00 | 72.00 | NOTE | |
r-patched-linux-x86_64 | 0.6.2 | 4.01 | 35.26 | 39.27 | NOTE | |
r-release-linux-x86_64 | 0.6.2 | 3.37 | 35.75 | 39.12 | NOTE | |
r-release-macos-arm64 | 0.6.2 | 32.00 | NOTE | |||
r-release-macos-x86_64 | 0.6.2 | 63.00 | NOTE | |||
r-release-windows-x86_64 | 0.6.2 | 5.00 | 64.00 | 69.00 | NOTE | |
r-oldrel-macos-arm64 | 0.6.2 | 30.00 | OK | |||
r-oldrel-macos-x86_64 | 0.6.2 | 78.00 | OK | |||
r-oldrel-windows-x86_64 | 0.6.2 | 4.00 | 68.00 | 72.00 | OK |
Version: 0.6.2
Check: DESCRIPTION meta-information
Result: NOTE
Missing dependency on R >= 4.1.0 because package code uses the pipe
|> or function shorthand \(...) syntax added in R 4.1.0.
File(s) using such syntax:
‘balanced.Rd’ ‘geks.Rd’ ‘grouped.Rd’ ‘splice.R’
Flavors: r-devel-linux-x86_64-debian-clang, r-devel-linux-x86_64-debian-gcc, r-devel-linux-x86_64-fedora-clang, r-devel-linux-x86_64-fedora-gcc, r-devel-windows-x86_64, r-patched-linux-x86_64, r-release-linux-x86_64, r-release-macos-arm64, r-release-macos-x86_64, r-release-windows-x86_64