Last updated on 2025-04-30 04:50:07 CEST.
Flavor | Version | Tinstall | Tcheck | Ttotal | Status | Flags |
---|---|---|---|---|---|---|
r-devel-linux-x86_64-debian-clang | 2.1-2 | 3.67 | 37.67 | 41.34 | NOTE | |
r-devel-linux-x86_64-debian-gcc | 2.1-2 | 3.37 | 28.58 | 31.95 | NOTE | |
r-devel-linux-x86_64-fedora-clang | 2.1-2 | 69.50 | OK | |||
r-devel-linux-x86_64-fedora-gcc | 2.1-2 | 83.77 | OK | |||
r-devel-windows-x86_64 | 2.1-2 | 6.00 | 69.00 | 75.00 | OK | |
r-patched-linux-x86_64 | 2.1-2 | 4.09 | 36.19 | 40.28 | OK | |
r-release-linux-x86_64 | 2.1-2 | 4.75 | 35.66 | 40.41 | OK | |
r-release-macos-arm64 | 2.1-2 | 46.00 | OK | |||
r-release-macos-x86_64 | 2.1-2 | 53.00 | OK | |||
r-release-windows-x86_64 | 2.1-2 | 7.00 | 65.00 | 72.00 | OK | |
r-oldrel-macos-arm64 | 2.1-2 | 29.00 | OK | |||
r-oldrel-macos-x86_64 | 2.1-2 | 43.00 | OK | |||
r-oldrel-windows-x86_64 | 2.1-2 | 7.00 | 67.00 | 74.00 | OK |
Version: 2.1-2
Check: CRAN incoming feasibility
Result: NOTE
Maintainer: ‘Hannah O. Ajoge <ohuajo@gmail.com>’
No Authors@R field in DESCRIPTION.
Please add one, modifying
Authors@R: person(given = c("Hannah", "O."),
family = "Ajoge",
role = c("aut", "cre"),
email = "ohuajo@gmail.com")
as necessary.
Flavors: r-devel-linux-x86_64-debian-clang, r-devel-linux-x86_64-debian-gcc