Last updated on 2025-04-30 04:50:07 CEST.
Flavor | Version | Tinstall | Tcheck | Ttotal | Status | Flags |
---|---|---|---|---|---|---|
r-devel-linux-x86_64-debian-clang | 0.2.6 | 16.09 | 166.08 | 182.17 | NOTE | |
r-devel-linux-x86_64-debian-gcc | 0.2.6 | 11.21 | 108.57 | 119.78 | OK | |
r-devel-linux-x86_64-fedora-clang | 0.2.6 | 310.79 | OK | |||
r-devel-linux-x86_64-fedora-gcc | 0.2.6 | 302.22 | OK | |||
r-devel-windows-x86_64 | 0.2.6 | 22.00 | 189.00 | 211.00 | OK | |
r-patched-linux-x86_64 | 0.2.6 | 18.23 | 157.47 | 175.70 | OK | |
r-release-linux-x86_64 | 0.2.6 | 19.18 | 148.93 | 168.11 | OK | |
r-release-macos-arm64 | 0.2.6 | 113.00 | OK | |||
r-release-macos-x86_64 | 0.2.6 | 140.00 | OK | |||
r-release-windows-x86_64 | 0.2.6 | 23.00 | 199.00 | 222.00 | OK | |
r-oldrel-macos-arm64 | 0.2.6 | 78.00 | OK | |||
r-oldrel-macos-x86_64 | 0.2.6 | 158.00 | NOTE | |||
r-oldrel-windows-x86_64 | 0.2.6 | 27.00 | 225.00 | 252.00 | OK |
Version: 0.2.6
Check: examples
Result: NOTE
Examples with CPU (user + system) or elapsed time > 5s
user system elapsed
EstimateRegulation 5.686 0.049 9.112
Flavor: r-devel-linux-x86_64-debian-clang
Version: 0.2.6
Check: package dependencies
Result: NOTE
Package suggested but not available for checking: ‘monocle’
Flavor: r-oldrel-macos-x86_64
Version: 0.2.6
Check: Rd cross-references
Result: NOTE
Package unavailable to check Rd xrefs: ‘monocle’
Flavor: r-oldrel-macos-x86_64