Last updated on 2025-04-30 04:50:07 CEST.
Flavor | Version | Tinstall | Tcheck | Ttotal | Status | Flags |
---|---|---|---|---|---|---|
r-devel-linux-x86_64-debian-clang | 1.4.1 | 7.61 | 66.61 | 74.22 | NOTE | |
r-devel-linux-x86_64-debian-gcc | 1.4.1 | 4.76 | 45.26 | 50.02 | NOTE | |
r-devel-linux-x86_64-fedora-clang | 1.4.1 | 105.02 | OK | |||
r-devel-linux-x86_64-fedora-gcc | 1.4.1 | 100.03 | OK | |||
r-devel-windows-x86_64 | 1.4.1 | 8.00 | 82.00 | 90.00 | OK | |
r-patched-linux-x86_64 | 1.4.1 | 6.72 | 61.39 | 68.11 | OK | |
r-release-linux-x86_64 | 1.4.1 | 6.45 | 61.77 | 68.22 | OK | |
r-release-macos-arm64 | 1.4.1 | 32.00 | OK | |||
r-release-macos-x86_64 | 1.4.1 | 64.00 | OK | |||
r-release-windows-x86_64 | 1.4.1 | 10.00 | 81.00 | 91.00 | OK | |
r-oldrel-macos-arm64 | 1.4.1 | 32.00 | OK | |||
r-oldrel-macos-x86_64 | 1.4.1 | 46.00 | OK | |||
r-oldrel-windows-x86_64 | 1.4.1 | 11.00 | 91.00 | 102.00 | OK |
Version: 1.4.1
Check: examples
Result: NOTE
Examples with CPU (user + system) or elapsed time > 5s
user system elapsed
granovagg.1w 8.416 0.225 11.533
granovagg.contr 5.973 0.043 8.895
Flavor: r-devel-linux-x86_64-debian-clang
Version: 1.4.1
Check: examples
Result: NOTE
Examples with CPU (user + system) or elapsed time > 5s
user system elapsed
granovagg.1w 5.053 0.115 5.638
Flavor: r-devel-linux-x86_64-debian-gcc