CRAN Package Check Results for Package graph3d

Last updated on 2025-02-22 05:51:37 CET.

Flavor Version Tinstall Tcheck Ttotal Status Flags
r-devel-linux-x86_64-debian-clang 0.2.0 2.69 26.05 28.74 OK
r-devel-linux-x86_64-debian-gcc 0.2.0 1.86 20.06 21.92 OK
r-devel-linux-x86_64-fedora-clang 0.2.0 44.60 OK
r-devel-linux-x86_64-fedora-gcc 0.2.0 44.03 OK
r-devel-macos-arm64 0.2.0 20.00 OK
r-devel-macos-x86_64 0.2.0 33.00 OK
r-devel-windows-x86_64 0.2.0 4.00 51.00 55.00 OK
r-patched-linux-x86_64 0.2.0 2.52 25.28 27.80 NOTE
r-release-linux-x86_64 0.2.0 2.61 24.89 27.50 NOTE
r-release-macos-arm64 0.2.0 19.00 NOTE
r-release-macos-x86_64 0.2.0 27.00 NOTE
r-release-windows-x86_64 0.2.0 5.00 48.00 53.00 NOTE
r-oldrel-macos-arm64 0.2.0 25.00 NOTE
r-oldrel-macos-x86_64 0.2.0 24.00 NOTE
r-oldrel-windows-x86_64 0.2.0 5.00 50.00 55.00 NOTE

Check Details

Version: 0.2.0
Check: LazyData
Result: NOTE 'LazyData' is specified without a 'data' directory Flavors: r-patched-linux-x86_64, r-release-linux-x86_64, r-release-macos-arm64, r-release-macos-x86_64, r-release-windows-x86_64, r-oldrel-macos-arm64, r-oldrel-macos-x86_64, r-oldrel-windows-x86_64