Last updated on 2025-04-30 04:50:07 CEST.
Flavor | Version | Tinstall | Tcheck | Ttotal | Status | Flags |
---|---|---|---|---|---|---|
r-devel-linux-x86_64-debian-clang | 2.0.0 | 10.97 | 119.35 | 130.32 | NOTE | |
r-devel-linux-x86_64-debian-gcc | 2.0.0 | 7.80 | 83.27 | 91.07 | NOTE | |
r-devel-linux-x86_64-fedora-clang | 2.0.0 | 209.83 | OK | |||
r-devel-linux-x86_64-fedora-gcc | 2.0.0 | 218.25 | OK | |||
r-devel-windows-x86_64 | 2.0.0 | 13.00 | 143.00 | 156.00 | OK | |
r-patched-linux-x86_64 | 2.0.0 | 10.41 | 118.67 | 129.08 | OK | |
r-release-linux-x86_64 | 2.0.0 | 11.77 | 112.86 | 124.63 | OK | |
r-release-macos-arm64 | 2.0.0 | 65.00 | OK | |||
r-release-macos-x86_64 | 2.0.0 | 140.00 | OK | |||
r-release-windows-x86_64 | 2.0.0 | 14.00 | 141.00 | 155.00 | OK | |
r-oldrel-macos-arm64 | 2.0.0 | 63.00 | OK | |||
r-oldrel-macos-x86_64 | 2.0.0 | 102.00 | OK | |||
r-oldrel-windows-x86_64 | 2.0.0 | 15.00 | 170.00 | 185.00 | OK |
Version: 2.0.0
Check: examples
Result: NOTE
Examples with CPU (user + system) or elapsed time > 5s
user system elapsed
rf_summary 7.910 0.025 10.526
plot.rf.data.frame 7.868 0.005 11.437
print.PAF_q 4.481 0.210 7.234
plot_continuous 3.434 1.035 6.600
Flavor: r-devel-linux-x86_64-debian-clang
Version: 2.0.0
Check: examples
Result: NOTE
Examples with CPU (user + system) or elapsed time > 5s
user system elapsed
plot.rf.data.frame 4.717 0.082 6.235
rf_summary 4.692 0.049 5.794
Flavor: r-devel-linux-x86_64-debian-gcc