Last updated on 2025-11-02 03:51:39 CET.
| Flavor | Version | Tinstall | Tcheck | Ttotal | Status | Flags |
|---|---|---|---|---|---|---|
| r-devel-linux-x86_64-debian-clang | 0.1.2 | 6.11 | 57.22 | 63.33 | OK | |
| r-devel-linux-x86_64-debian-gcc | 0.1.2 | 4.49 | 41.02 | 45.51 | OK | |
| r-devel-linux-x86_64-fedora-clang | 0.1.2 | 36.00 | 65.78 | 101.78 | OK | |
| r-devel-linux-x86_64-fedora-gcc | 0.1.2 | 14.00 | 75.61 | 89.61 | OK | |
| r-devel-windows-x86_64 | 0.1.2 | 7.00 | 69.00 | 76.00 | OK | |
| r-patched-linux-x86_64 | 0.1.2 | 6.88 | 52.75 | 59.63 | OK | |
| r-release-linux-x86_64 | 0.1.2 | 5.92 | 52.13 | 58.05 | OK | |
| r-release-macos-arm64 | 0.1.2 | 3.00 | 27.00 | 30.00 | OK | |
| r-release-macos-x86_64 | 0.1.2 | 6.00 | 53.00 | 59.00 | OK | |
| r-release-windows-x86_64 | 0.1.2 | 8.00 | 70.00 | 78.00 | OK | |
| r-oldrel-macos-arm64 | 0.1.2 | 3.00 | 28.00 | 31.00 | NOTE | |
| r-oldrel-macos-x86_64 | 0.1.2 | 5.00 | 40.00 | 45.00 | NOTE | |
| r-oldrel-windows-x86_64 | 0.1.2 | 10.00 | 89.00 | 99.00 | NOTE |
Version: 0.1.2
Check: LazyData
Result: NOTE
'LazyData' is specified without a 'data' directory
Flavors: r-oldrel-macos-arm64, r-oldrel-macos-x86_64, r-oldrel-windows-x86_64