Last updated on 2025-04-30 04:50:07 CEST.
Flavor | Version | Tinstall | Tcheck | Ttotal | Status | Flags |
---|---|---|---|---|---|---|
r-devel-linux-x86_64-debian-clang | 0.10.0 | 23.38 | 416.68 | 440.06 | NOTE | |
r-devel-linux-x86_64-debian-gcc | 0.10.0 | 15.79 | 289.93 | 305.72 | OK | |
r-devel-linux-x86_64-fedora-clang | 0.10.0 | 728.56 | OK | |||
r-devel-linux-x86_64-fedora-gcc | 0.10.0 | 728.13 | OK | |||
r-devel-windows-x86_64 | 0.10.0 | 25.00 | 404.00 | 429.00 | OK | |
r-patched-linux-x86_64 | 0.10.0 | 26.12 | 409.16 | 435.28 | OK | |
r-release-linux-x86_64 | 0.10.0 | 22.79 | 399.23 | 422.02 | OK | |
r-release-macos-arm64 | 0.10.0 | 195.00 | OK | |||
r-release-macos-x86_64 | 0.10.0 | 580.00 | OK | |||
r-release-windows-x86_64 | 0.10.0 | 26.00 | 411.00 | 437.00 | OK | |
r-oldrel-macos-arm64 | 0.10.0 | 201.00 | OK | |||
r-oldrel-macos-x86_64 | 0.10.0 | 308.00 | OK | |||
r-oldrel-windows-x86_64 | 0.10.0 | 31.00 | 528.00 | 559.00 | OK |
Version: 0.10.0
Check: examples
Result: NOTE
Examples with CPU (user + system) or elapsed time > 5s
user system elapsed
draw.gamlss 4.053 0.174 5.335
Flavor: r-devel-linux-x86_64-debian-clang