Last updated on 2025-04-30 04:50:07 CEST.
Flavor | Version | Tinstall | Tcheck | Ttotal | Status | Flags |
---|---|---|---|---|---|---|
r-devel-linux-x86_64-debian-clang | 0.1.3 | 5.19 | 127.12 | 132.31 | NOTE | |
r-devel-linux-x86_64-debian-gcc | 0.1.3 | 3.28 | 89.07 | 92.35 | NOTE | |
r-devel-linux-x86_64-fedora-clang | 0.1.3 | 200.29 | OK | |||
r-devel-linux-x86_64-fedora-gcc | 0.1.3 | 226.85 | OK | |||
r-devel-windows-x86_64 | 0.1.3 | 7.00 | 162.00 | 169.00 | OK | |
r-patched-linux-x86_64 | 0.1.3 | 4.86 | 123.00 | 127.86 | OK | |
r-release-linux-x86_64 | 0.1.3 | 4.22 | 115.69 | 119.91 | OK | |
r-release-macos-arm64 | 0.1.3 | 67.00 | OK | |||
r-release-macos-x86_64 | 0.1.3 | 152.00 | OK | |||
r-release-windows-x86_64 | 0.1.3 | 9.00 | 211.00 | 220.00 | OK | |
r-oldrel-macos-arm64 | 0.1.3 | 68.00 | OK | |||
r-oldrel-macos-x86_64 | 0.1.3 | 107.00 | OK | |||
r-oldrel-windows-x86_64 | 0.1.3 | 8.00 | 180.00 | 188.00 | OK |
Version: 0.1.3
Check: examples
Result: NOTE
Examples with CPU (user + system) or elapsed time > 5s
user system elapsed
create_gran 6.791 0.307 9.315
prob_plot 4.954 0.004 6.223
Flavor: r-devel-linux-x86_64-debian-clang
Version: 0.1.3
Check: examples
Result: NOTE
Examples with CPU (user + system) or elapsed time > 5s
user system elapsed
create_gran 4.434 0.246 5.396
Flavor: r-devel-linux-x86_64-debian-gcc