Last updated on 2025-11-02 03:51:39 CET.
| Flavor | Version | Tinstall | Tcheck | Ttotal | Status | Flags |
|---|---|---|---|---|---|---|
| r-devel-linux-x86_64-debian-clang | 1.0.1 | 14.95 | 273.12 | 288.07 | NOTE | |
| r-devel-linux-x86_64-debian-gcc | 1.0.1 | 10.42 | 196.94 | 207.36 | NOTE | |
| r-devel-linux-x86_64-fedora-clang | 1.0.1 | 62.00 | 517.33 | 579.33 | OK | |
| r-devel-linux-x86_64-fedora-gcc | 1.0.1 | 36.00 | 534.33 | 570.33 | OK | |
| r-devel-windows-x86_64 | 1.0.1 | 17.00 | 253.00 | 270.00 | OK | |
| r-patched-linux-x86_64 | 1.0.1 | 15.02 | 274.66 | 289.68 | OK | |
| r-release-linux-x86_64 | 1.0.1 | 14.02 | 274.04 | 288.06 | OK | |
| r-release-macos-arm64 | 1.0.1 | 6.00 | 115.00 | 121.00 | OK | |
| r-release-macos-x86_64 | 1.0.1 | 8.00 | 246.00 | 254.00 | OK | |
| r-release-windows-x86_64 | 1.0.1 | 18.00 | 255.00 | 273.00 | OK | |
| r-oldrel-macos-arm64 | 1.0.1 | 6.00 | 106.00 | 112.00 | OK | |
| r-oldrel-macos-x86_64 | 1.0.1 | 8.00 | 182.00 | 190.00 | OK | |
| r-oldrel-windows-x86_64 | 1.0.1 | 19.00 | 275.00 | 294.00 | OK |
Version: 1.0.1
Check: CRAN incoming feasibility
Result: NOTE
Maintainer: ‘C. Cronkite-Ratcliff <ccronkite-ratcliff@usgs.gov>’
Package CITATION file contains call(s) to old-style personList() or
as.personList(). Please use c() on person objects instead.
Flavors: r-devel-linux-x86_64-debian-clang, r-devel-linux-x86_64-debian-gcc